006
CDUS44 KFWD 232125
CLIACT


CLIMATE REPORT
NATIONAL WEATHER SERVICE FORT WORTH TX
424 PM CDT MON APR 23 2018


...................................

...THE WACO CLIMATE SUMMARY FOR APRIL 23 2018...
VALID AS OF 0400 PM LOCAL TIME.

CLIMATE NORMAL PERIOD 1981 TO 2010
CLIMATE RECORD PERIOD 1901 TO 2018


WEATHER ITEM   OBSERVED TIME   RECORD YEAR NORMAL DEPARTURE LAST
                VALUE   (LST)  VALUE       VALUE  FROM      YEAR
                                                  NORMAL
..................................................................
TEMPERATURE (F)
 TODAY
  MAXIMUM         78    257 PM  94    2000  80     -2       74
                                      1940
  MINIMUM         47    530 AM  40    1984  57    -10       45
  AVERAGE         63

PRECIPITATION (IN)
  TODAY            0.00          2.84 1957   0.10  -0.10     0.00
  MONTH TO DATE    0.51                      1.93  -1.42     6.96
  SINCE MAR 1      3.00                      5.08  -2.08    10.28
  SINCE JAN 1      5.43                      9.83  -4.40    16.44

SNOWFALL (IN)
  TODAY            0.0           0.0    MM   0.0    0.0      0.0
  MONTH TO DATE    0.0                       0.1   -0.1      0.0
  SINCE MAR 1      0.0                       0.2   -0.2      0.0
  SINCE JUL 1      T                         1.0   -1.0       T
  SNOW DEPTH       0

..................................................................


WIND (MPH)
  HIGHEST WIND SPEED    20   HIGHEST WIND DIRECTION    NW (330)
  HIGHEST GUST SPEED    28   HIGHEST GUST DIRECTION     N (360)
  AVERAGE WIND SPEED     9.4




..........................................................


THE WACO CLIMATE NORMALS FOR TOMORROW
                         NORMAL    RECORD    YEAR
 MAXIMUM TEMPERATURE (F)   80        92      2003
                                             1984
 MINIMUM TEMPERATURE (F)   57        39      2013
                                             1995


SUNRISE AND SUNSET
APRIL 23 2018.........SUNRISE   652 AM CDT   SUNSET   803 PM CDT
APRIL 24 2018.........SUNRISE   650 AM CDT   SUNSET   804 PM CDT


-  INDICATES NEGATIVE NUMBERS.
R  INDICATES RECORD WAS SET OR TIED.
MM INDICATES DATA IS MISSING.
T  INDICATES TRACE AMOUNT.




$$
