000
CDUS42 KJAX 230529
CLIAMG


CLIMATE REPORT
NATIONAL WEATHER SERVICE JACKSONVILLE FL
128 AM EDT MON APR 23 2018


...................................

...THE ALMA CLIMATE SUMMARY FOR APRIL 22 2018...

CLIMATE NORMAL PERIOD 1981 TO 2010
CLIMATE RECORD PERIOD 1948 TO 2018


WEATHER ITEM   OBSERVED TIME   RECORD YEAR NORMAL DEPARTURE LAST
                VALUE   (LST)  VALUE       VALUE  FROM      YEAR
                                                  NORMAL
..................................................................
TEMPERATURE (F)
 YESTERDAY
  MAXIMUM         73    320 PM  92    1970  80     -7       87
  MINIMUM         61    354 AM  37    1950  55      6       59
  AVERAGE         67                        68     -1       73

PRECIPITATION (IN)
  YESTERDAY        0.06          0.90 1951   0.08  -0.02     0.00
  MONTH TO DATE    0.93                      2.21  -1.28     2.35
  SINCE MAR 1      2.96                      6.96  -4.00     2.89
  SINCE JAN 1      6.47                     15.02  -8.55    11.02

SNOWFALL (IN)
  YESTERDAY        0.0           0.0    MM   0.0    0.0      0.0
  MONTH TO DATE    0.0                       0.0    0.0      0.0
  SINCE MAR 1      0.0                       0.0    0.0      0.0
  SINCE JUL 1      3.0                       0.1    2.9      0.0
  SNOW DEPTH       0

DEGREE DAYS
 HEATING
  YESTERDAY        0                         1     -1        0
  MONTH TO DATE   60                        55      5       27
  SINCE MAR 1    305                       243     62      224
  SINCE JUL 1   1551                      1644    -93     1080

 COOLING
  YESTERDAY        2                         4     -2        8
  MONTH TO DATE   36                        63    -27       99
  SINCE MAR 1     70                       101    -31      162
  SINCE JAN 1    162                       117     45      217
..................................................................


WIND (MPH)
  HIGHEST WIND SPEED    17   HIGHEST WIND DIRECTION     E (110)
  HIGHEST GUST SPEED    27   HIGHEST GUST DIRECTION    SE (120)
  AVERAGE WIND SPEED     8.1


SKY COVER
  POSSIBLE SUNSHINE  MM
  AVERAGE SKY COVER 0.9


WEATHER CONDITIONS
 THE FOLLOWING WEATHER WAS RECORDED YESTERDAY.
  RAIN
  LIGHT RAIN
  FOG


RELATIVE HUMIDITY (PERCENT)
 HIGHEST    90           300 AM
 LOWEST     66           300 PM
 AVERAGE    78

..........................................................


THE ALMA CLIMATE NORMALS FOR TODAY
                         NORMAL    RECORD    YEAR
 MAXIMUM TEMPERATURE (F)   80        94      1968
 MINIMUM TEMPERATURE (F)   55        36      1993


SUNRISE AND SUNSET
APRIL 23 2018.........SUNRISE   653 AM EDT   SUNSET   804 PM EDT
APRIL 24 2018.........SUNRISE   652 AM EDT   SUNSET   805 PM EDT


-  INDICATES NEGATIVE NUMBERS.
R  INDICATES RECORD WAS SET OR TIED.
MM INDICATES DATA IS MISSING.
T  INDICATES TRACE AMOUNT.




$$
