000
CDUS44 KBMX 240741
CLIANB


CLIMATE REPORT
NATIONAL WEATHER SERVICE BIRMINGHAM, AL
240 AM CDT TUE APR 24 2018


...................................

...THE ANNISTON CLIMATE SUMMARY FOR APRIL 23 2018...

CLIMATE NORMAL PERIOD 1981 TO 2010
CLIMATE RECORD PERIOD 1903 TO 2018


WEATHER ITEM   OBSERVED TIME   RECORD YEAR NORMAL DEPARTURE LAST
                VALUE   (LST)  VALUE       VALUE  FROM      YEAR
                                                  NORMAL
..................................................................
TEMPERATURE (F)
 YESTERDAY
  MAXIMUM         76    209 PM  92    1980  76      0       70
  MINIMUM         57    337 AM  30    1986  52      5       54
  AVERAGE         67                        64      3       62

PRECIPITATION (IN)
  YESTERDAY        0.06          1.34 1941   0.13  -0.07     0.77
  MONTH TO DATE    3.05                      3.16  -0.11     5.30
  SINCE MAR 1      7.63                      8.12  -0.49     9.55
  SINCE JAN 1     17.48                     17.72  -0.24    20.07

SNOWFALL (IN)
  YESTERDAY        0.0                       0.0             0.0
  MONTH TO DATE    0.0                       0.2             0.0
  SINCE MAR 1      0.0                       0.9             0.0
  SINCE JUL 1      0.0                       2.0             0.0

DEGREE DAYS
 HEATING
  YESTERDAY        0
  MONTH TO DATE  165
  SINCE MAR 1    536
  SINCE JUL 1   2578
..................................................................


WIND (MPH)
  HIGHEST WIND SPEED    18   HIGHEST WIND DIRECTION     W (270)
  HIGHEST GUST SPEED    23   HIGHEST GUST DIRECTION     W (280)
  AVERAGE WIND SPEED     3.8


SKY COVER
  AVERAGE SKY COVER 0.7


WEATHER CONDITIONS
 THE FOLLOWING WEATHER WAS RECORDED YESTERDAY.
  LIGHT RAIN
  FOG


RELATIVE HUMIDITY (PERCENT)
 HIGHEST   100
 LOWEST     53
 AVERAGE    77

..........................................................


THE ANNISTON CLIMATE NORMALS FOR TODAY
                         NORMAL    RECORD    YEAR
 MAXIMUM TEMPERATURE (F)   76        90      1965
                                             1960
 MINIMUM TEMPERATURE (F)   52        34      2005
                                             1986


SUNRISE AND SUNSET
APRIL 24 2018.........SUNRISE   602 AM CDT   SUNSET   721 PM CDT
APRIL 25 2018.........SUNRISE   601 AM CDT   SUNSET   722 PM CDT


-  INDICATES NEGATIVE NUMBERS.
R  INDICATES RECORD WAS SET OR TIED.
MM INDICATES DATA IS MISSING.
T  INDICATES TRACE AMOUNT.




$$
