000
CDUS41 KCTP 260615
CLIAOO


CLIMATE REPORT
NATIONAL WEATHER SERVICE STATE COLLEGE PA
215 AM EDT THU APR 26 2018


...................................

...THE ALTOONA CLIMATE SUMMARY FOR APRIL 25 2018...

CLIMATE NORMAL PERIOD 1981 TO 2010
CLIMATE RECORD PERIOD 1948 TO 2018


WEATHER ITEM   OBSERVED TIME   RECORD YEAR NORMAL DEPARTURE LAST
                VALUE   (LST)  VALUE       VALUE  FROM      YEAR
                                                  NORMAL
..................................................................
TEMPERATURE (F)
 YESTERDAY
  MAXIMUM         62    345 PM  85    2011  63     -1       57
  MINIMUM         45   1159 PM  25    1956  41      4       48
  AVERAGE         54                        52      2       53

PRECIPITATION (IN)
  YESTERDAY        0.02          1.34 1975   0.10  -0.08     0.12
  MONTH TO DATE    3.45                      2.65   0.80     1.88
  SINCE MAR 1      5.60                      5.72  -0.12     6.21
  SINCE JAN 1     11.83                      9.93   1.90    10.84

DEGREE DAYS
 HEATING
  YESTERDAY       11                        13     -2       12
  MONTH TO DATE  525                       428     97      254
  SINCE MAR 1   1505                      1287    218     1090
  SINCE JUL 1   5591                      5857   -266     4757

 COOLING
  YESTERDAY        0                         0      0        0
  MONTH TO DATE   12                         0     12        8
  SINCE MAR 1     12                         1     11        8
  SINCE JAN 1     12                         1     11        8
..................................................................


WIND (MPH)
  HIGHEST WIND SPEED    22   HIGHEST WIND DIRECTION    NW (310)
  HIGHEST GUST SPEED    29   HIGHEST GUST DIRECTION    NW (320)
  AVERAGE WIND SPEED     8.3


SKY COVER
  POSSIBLE SUNSHINE  MM
  AVERAGE SKY COVER 0.9


WEATHER CONDITIONS
 THE FOLLOWING WEATHER WAS RECORDED YESTERDAY.
  LIGHT RAIN
  FOG


RELATIVE HUMIDITY (PERCENT)
 HIGHEST    93           600 AM
 LOWEST     65          1100 PM
 AVERAGE    79

..........................................................


THE ALTOONA CLIMATE NORMALS FOR TODAY
                         NORMAL    RECORD    YEAR
 MAXIMUM TEMPERATURE (F)   64        88      1962
 MINIMUM TEMPERATURE (F)   41        29      2006


SUNRISE AND SUNSET
APRIL 26 2018.........SUNRISE   619 AM EDT   SUNSET   803 PM EDT
APRIL 27 2018.........SUNRISE   618 AM EDT   SUNSET   805 PM EDT


-  INDICATES NEGATIVE NUMBERS.
R  INDICATES RECORD WAS SET OR TIED.
MM INDICATES DATA IS MISSING.
T  INDICATES TRACE AMOUNT.




$$
