000
CDUS43 KAPX 270531
CLIAPN


CLIMATE REPORT
NATIONAL WEATHER SERVICE GAYLORD MI
129 AM EDT SUN MAY 27 2018


...................................

...THE ALPENA MI CLIMATE SUMMARY FOR MAY 26 2018...

CLIMATE NORMAL PERIOD 1981 TO 2010
CLIMATE RECORD PERIOD 1916 TO 2018


WEATHER ITEM   OBSERVED TIME   RECORD YEAR NORMAL DEPARTURE LAST
                VALUE   (LST)  VALUE       VALUE  FROM      YEAR
                                                  NORMAL
..................................................................
TEMPERATURE (F)
 YESTERDAY
  MAXIMUM         84   1251 PM  90    1944  68     16       70
  MINIMUM         56   1159 PM  25    1969  43     13       49
  AVERAGE         70                        56     14       60

PRECIPITATION (IN)
  YESTERDAY        0.21          1.34 1991   0.09   0.12     0.02
  MONTH TO DATE    2.38                      2.20   0.18     1.77
  SINCE MAR 1      8.92                      6.45   2.47     9.45
  SINCE JAN 1     12.81                      9.43   3.38    14.94

DEGREE DAYS
 HEATING
  YESTERDAY        0                        10    -10        5
  MONTH TO DATE  253                       353   -100      371
  SINCE MAR 1   2342                      2180    162     2087
  SINCE JUL 1   7791                      7912   -121     6718

 COOLING
  YESTERDAY        5                         1      4        0
  MONTH TO DATE   24                         3     21        6
  SINCE MAR 1     24                         5     19        6
  SINCE JAN 1     24                         5     19        6
..................................................................


WIND (MPH)
  HIGHEST WIND SPEED    15   HIGHEST WIND DIRECTION     E (100)
  HIGHEST GUST SPEED    19   HIGHEST GUST DIRECTION    SE (130)
  AVERAGE WIND SPEED     5.0




RELATIVE HUMIDITY (PERCENT)
 HIGHEST   100
 LOWEST     55
 AVERAGE    78

..........................................................


THE ALPENA MI CLIMATE NORMALS FOR TODAY
                         NORMAL    RECORD    YEAR
 MAXIMUM TEMPERATURE (F)   68        93      1978
 MINIMUM TEMPERATURE (F)   44        27      1934


SUNRISE AND SUNSET
MAY 27 2018...........SUNRISE   554 AM EDT   SUNSET   910 PM EDT
MAY 28 2018...........SUNRISE   553 AM EDT   SUNSET   911 PM EDT


-  INDICATES NEGATIVE NUMBERS.
R  INDICATES RECORD WAS SET OR TIED.
MM INDICATES DATA IS MISSING.
T  INDICATES TRACE AMOUNT.




$$
