000
CDUS42 KFFC 270037
CLIATL


CLIMATE REPORT
NATIONAL WEATHER SERVICE PEACHTREE CITY GA
837 PM EDT THU APR 26 2018


...................................

...THE ATLANTA CLIMATE SUMMARY FOR APRIL 26 2018...
VALID AS OF 0900 AM LOCAL TIME.

CLIMATE NORMAL PERIOD 1981 TO 2010
CLIMATE RECORD PERIOD 1878 TO 2018


WEATHER ITEM   OBSERVED TIME   RECORD YEAR NORMAL DEPARTURE LAST
                VALUE   (LST)  VALUE       VALUE  FROM      YEAR
                                                  NORMAL
..................................................................
TEMPERATURE (F)
 TODAY
  MAXIMUM         60    604 PM  92    1986  75    -15       80
  MINIMUM         51    609 AM  36    1910  54     -3       59
  AVERAGE         56                        65     -9       70

PRECIPITATION (IN)
  TODAY            0.29          2.55 1944   0.11   0.18     0.00
  MONTH TO DATE    6.53                      2.91   3.62     5.74
  SINCE MAR 1     11.39                      7.72   3.67     8.42
  SINCE JAN 1     20.76                     16.59   4.17    18.47

SNOWFALL (IN)
  TODAY            0.0           0.0  2002   0.0    0.0      0.0
                                      2001
                                      2000
  MONTH TO DATE    0.0                       0.1   -0.1      0.0
  SINCE MAR 1      0.0                       0.9   -0.9       T
  SINCE JUL 1      4.7                       3.0    1.7       T
  SNOW DEPTH       0

DEGREE DAYS
 HEATING
  TODAY            9                         3      6        0
  MONTH TO DATE  161                       133     28       47
  SINCE MAR 1    513                       475     38      310
  SINCE JUL 1   2457                      2730   -273     1666

 COOLING
  TODAY            0                         3     -3        5
  MONTH TO DATE   19                        42    -23       97
  SINCE MAR 1     23                        54    -31      142
  SINCE JAN 1     50                        55     -5      147
..................................................................


WIND (MPH)
  RESULTANT WIND SPEED   4   RESULTANT WIND DIRECTION   W (290)
  HIGHEST WIND SPEED    15   HIGHEST WIND DIRECTION     E (90)
  HIGHEST GUST SPEED    20   HIGHEST GUST DIRECTION     E (90)
  AVERAGE WIND SPEED     4.2


SKY COVER
  AVERAGE SKY COVER 0.6


WEATHER CONDITIONS
 THE FOLLOWING WEATHER WAS RECORDED TODAY.
  LIGHT RAIN


RELATIVE HUMIDITY (PERCENT)
 HIGHEST    96           200 AM
 LOWEST     80           800 AM

..........................................................


THE ATLANTA CLIMATE NORMALS FOR TOMORROW
                         NORMAL    RECORD    YEAR
 MAXIMUM TEMPERATURE (F)   75        93      1986
 MINIMUM TEMPERATURE (F)   55        38      1978


SUNRISE AND SUNSET
APRIL 26 2018.........SUNRISE   654 AM EDT   SUNSET   817 PM EDT
APRIL 27 2018.........SUNRISE   653 AM EDT   SUNSET   818 PM EDT


-  INDICATES NEGATIVE NUMBERS.
R  INDICATES RECORD WAS SET OR TIED.
MM INDICATES DATA IS MISSING.
T  INDICATES TRACE AMOUNT.




$$
