000
CDUS44 KEWX 252236
CLIAUS


CLIMATE REPORT
NATIONAL WEATHER SERVICE AUSTIN/SAN ANTONIO, TX
536 PM CDT WED APR 25 2018


...................................

...THE AUSTIN BERGSTROM CLIMATE SUMMARY FOR APRIL 25 2018...
VALID TODAY AS OF 0536 PM LOCAL TIME.

CLIMATE NORMAL PERIOD 1981 TO 2010
CLIMATE RECORD PERIOD 1943 TO 2018


WEATHER ITEM   OBSERVED TIME   RECORD YEAR NORMAL DEPARTURE LAST
                VALUE   (LST)  VALUE       VALUE  FROM      YEAR
                                                  NORMAL
..................................................................
TEMPERATURE (F)
 TODAY
  MAXIMUM         87   1250 PM  93    2011  82      5       91
  MINIMUM         52    338 AM  42    2001  57     -5       60
  AVERAGE         70                        70      0       76

PRECIPITATION (IN)
  TODAY            0.11          1.75 1980   0.10   0.01     0.00
  MONTH TO DATE    0.76                      1.79  -1.03     0.99
  SINCE MAR 1      6.97                      4.57   2.40     4.32
  SINCE JAN 1      8.29                      9.08  -0.79    11.63

SNOWFALL (IN)
  TODAY            0.0
  MONTH TO DATE    0.0
  SINCE MAR 1      0.0
  SINCE JUL 1      1.3
  SNOW DEPTH       0

DEGREE DAYS
 HEATING
  TODAY            0                         1     -1        0
  MONTH TO DATE   68                        59      9       13
  SINCE MAR 1    175                       281   -106       86
  SINCE JUL 1   1701                      1896   -195      960

 COOLING
  TODAY            5                         6     -1       11
  MONTH TO DATE   68                       100    -32      145
  SINCE MAR 1    176                       142     34      298
  SINCE JAN 1    218                       158     60      407
..................................................................


WIND (MPH)
  HIGHEST WIND SPEED    22   HIGHEST WIND DIRECTION     N (20)
  HIGHEST GUST SPEED    26   HIGHEST GUST DIRECTION     N (20)
  AVERAGE WIND SPEED     6.0


SKY COVER
  AVERAGE SKY COVER 0.4


WEATHER CONDITIONS
 THE FOLLOWING WEATHER WAS RECORDED TODAY.
  THUNDERSTORM
  LIGHT RAIN
  FOG


RELATIVE HUMIDITY (PERCENT)
 HIGHEST   100           100 AM
 LOWEST     27          1200 PM
 AVERAGE    64

..........................................................


THE AUSTIN BERGSTROM CLIMATE NORMALS FOR TOMORROW
                         NORMAL    RECORD    YEAR
 MAXIMUM TEMPERATURE (F)   82        96      1984
 MINIMUM TEMPERATURE (F)   58        44      2001


SUNRISE AND SUNSET
APRIL 25 2018.........SUNRISE   653 AM CDT   SUNSET   805 PM CDT
APRIL 26 2018.........SUNRISE   652 AM CDT   SUNSET   805 PM CDT


-  INDICATES NEGATIVE NUMBERS.
R  INDICATES RECORD WAS SET OR TIED.
MM INDICATES DATA IS MISSING.
T  INDICATES TRACE AMOUNT.




$$
