616
CDUS43 KGRR 210518
CLIAZO


CLIMATE REPORT
NATIONAL WEATHER SERVICE GRAND RAPIDS, MI
117 AM EDT MON MAY 21 2018


...................................

...THE KALAMAZOO MI CLIMATE SUMMARY FOR MAY 20 2018...

CLIMATE NORMAL PERIOD 1981 TO 2010
CLIMATE RECORD PERIOD 1998 TO 2018


WEATHER ITEM   OBSERVED TIME   NORMAL DEPARTURE LAST
                VALUE   (LST)  VALUE  FROM      YEAR
                                      NORMAL
......................................................
TEMPERATURE (F)
 YESTERDAY
  MAXIMUM         65   1217 PM  71     -6       62
  MINIMUM         56    428 AM  49      7       47
  AVERAGE         61            60      1       55

PRECIPITATION (IN)
  YESTERDAY        0.07          0.14  -0.07     1.01
  MONTH TO DATE    6.20          2.54   3.66     3.03
  SINCE MAR 1     10.23          7.87   2.36     9.82
  SINCE JAN 1     16.06         11.11   4.95    14.54

DEGREE DAYS
 HEATING
  YESTERDAY        4             6     -2       10
  MONTH TO DATE   60           170   -110      208
  SINCE MAR 1   1666          1540    126     1446
  SINCE JUL 1   6227          6313    -86     5342

 COOLING
  YESTERDAY        0             1     -1        0
  MONTH TO DATE   36            14     22       23
  SINCE MAR 1     36            18     18       34
  SINCE JAN 1     36            18     18       34
......................................................


WIND (MPH)
  RESULTANT WIND SPEED   4   RESULTANT WIND DIRECTION   N (20)
  HIGHEST WIND SPEED    14   HIGHEST WIND DIRECTION     N (350)
  HIGHEST GUST SPEED    18   HIGHEST GUST DIRECTION     N (340)
  AVERAGE WIND SPEED     4.6


SKY COVER
  AVERAGE SKY COVER 0.9


WEATHER CONDITIONS
 THE FOLLOWING WEATHER WAS RECORDED YESTERDAY.
  HEAVY RAIN
  RAIN
  LIGHT RAIN
  FOG


RELATIVE HUMIDITY (PERCENT)
 HIGHEST    93           200 AM
 LOWEST     72           800 AM
 AVERAGE    83

..........................................................


THE KALAMAZOO MI CLIMATE NORMALS FOR TODAY
                         NORMAL
 MAXIMUM TEMPERATURE (F)   71
 MINIMUM TEMPERATURE (F)   49


SUNRISE AND SUNSET
MAY 21 2018...........SUNRISE   616 AM EDT   SUNSET   903 PM EDT
MAY 22 2018...........SUNRISE   615 AM EDT   SUNSET   904 PM EDT


-  INDICATES NEGATIVE NUMBERS.
R  INDICATES RECORD WAS SET OR TIED.
MM INDICATES DATA IS MISSING.
T  INDICATES TRACE AMOUNT.




$$
