000
CDUS41 KBOX 270559
CLIBDL


CLIMATE REPORT
NATIONAL WEATHER SERVICE BOSTON/NORTON MA
149 AM EDT SUN MAY 27 2018


...................................

...THE HARTFORD CT CLIMATE SUMMARY FOR MAY 26 2018...

CLIMATE NORMAL PERIOD 1981 TO 2010
CLIMATE RECORD PERIOD 1904 TO 2018


WEATHER ITEM   OBSERVED TIME   RECORD YEAR NORMAL DEPARTURE LAST
                VALUE   (LST)  VALUE       VALUE  FROM      YEAR
                                                  NORMAL
..................................................................
TEMPERATURE (F)
 YESTERDAY
  MAXIMUM         92   1226 PM  99    2010  74     18       64
  MINIMUM         62    411 AM  36    1992  51     11       50
                                      1972
  AVERAGE         77                        62     15       57

PRECIPITATION (IN)
  YESTERDAY        0.00          1.60 2003   0.16  -0.16     0.50
  MONTH TO DATE    2.11                      3.55  -1.44     4.17
  SINCE MAR 1     10.31                     10.89  -0.58    11.87
  SINCE JAN 1     19.30                     17.01   2.29    17.85

SNOWFALL (IN)
  YESTERDAY        0.0           T    1988   0.0    0.0      0.0
  MONTH TO DATE    0.0                       0.0    0.0      0.0
  SINCE MAR 1     24.2                       7.8   16.4     19.6
  SINCE JUL 1     56.0                      40.5   15.5     62.3
  SNOW DEPTH       0

DEGREE DAYS
 HEATING
  YESTERDAY        0                         4     -4        8
  MONTH TO DATE   87                       185    -98      214
  SINCE MAR 1   1562                      1500     62     1556
  SINCE JUL 1   5758                      5938   -180     5449

 COOLING
  YESTERDAY       12                         2     10        0
  MONTH TO DATE   68                        22     46       37
  SINCE MAR 1     68                        28     40       60
  SINCE JAN 1     68                        28     40       60
..................................................................


WIND (MPH)
  RESULTANT WIND SPEED   3   RESULTANT WIND DIRECTION   W (250)
  HIGHEST WIND SPEED    18   HIGHEST WIND DIRECTION    NE (30)
  HIGHEST GUST SPEED    24   HIGHEST GUST DIRECTION    NE (30)
  AVERAGE WIND SPEED     7.4


SKY COVER
  POSSIBLE SUNSHINE  MM
  AVERAGE SKY COVER 0.6


WEATHER CONDITIONS
 THE FOLLOWING WEATHER WAS RECORDED YESTERDAY.
  NO SIGNIFICANT WEATHER WAS OBSERVED.


RELATIVE HUMIDITY (PERCENT)
 HIGHEST    87           400 AM
 LOWEST     25           100 PM
 AVERAGE    56

..........................................................


THE HARTFORD CT CLIMATE NORMALS FOR TODAY
                         NORMAL    RECORD    YEAR
 MAXIMUM TEMPERATURE (F)   74        94      1965
                                             1914
 MINIMUM TEMPERATURE (F)   51        37      1969
                                             1968


SUNRISE AND SUNSET
MAY 27 2018...........SUNRISE   521 AM EDT   SUNSET   816 PM EDT
MAY 28 2018...........SUNRISE   520 AM EDT   SUNSET   816 PM EDT


-  INDICATES NEGATIVE NUMBERS.
R  INDICATES RECORD WAS SET OR TIED.
MM INDICATES DATA IS MISSING.
T  INDICATES TRACE AMOUNT.




$$
