707
CDAK48 PAFC 261254
CLIBET


CLIMATE REPORT
NATIONAL WEATHER SERVICE ANCHORAGE, AK
454 AM AKDT SAT MAY 26 2018


...................................

...THE BETHEL CLIMATE SUMMARY FOR MAY 25 2018...

CLIMATE NORMAL PERIOD 1981 TO 2010
CLIMATE RECORD PERIOD 1948 TO 2018


WEATHER ITEM   OBSERVED TIME   RECORD YEAR NORMAL DEPARTURE LAST
                VALUE   (LST)  VALUE       VALUE  FROM      YEAR
                                                  NORMAL
..................................................................
TEMPERATURE (F)
 YESTERDAY
  MAXIMUM         57        MM  79    1969  54      3       45
  MINIMUM         39        MM  21    1926  37      2       32
  AVERAGE         48                        45      3       39

PRECIPITATION (IN)
  YESTERDAY        0.03          0.57 1951   0.03   0.00     0.24
  MONTH TO DATE    1.26                      0.89   0.37     2.09
  SINCE MAR 1      3.20                      2.34   0.86     2.86
  SINCE JAN 1      4.97                      3.84   1.13     4.75

SNOWFALL (IN)
  YESTERDAY        0.0           0.6  2001   0.1   -0.1       T
  MONTH TO DATE    1.8                       2.0   -0.2       T
  SINCE MAR 1     10.8                      15.9   -5.1      3.8
  SINCE JUL 1     40.4                      61.7  -21.3     31.2
  SNOW DEPTH       0

DEGREE DAYS
 HEATING
  YESTERDAY       17                        20     -3       26
  MONTH TO DATE  560                       606    -46      511
  SINCE MAR 1   2826                      3293   -467     3202
  SINCE JUL 1  10079                     12031  -1952    11462

 COOLING
  YESTERDAY        0                         0      0        0
  MONTH TO DATE    0                         0      0        0
  SINCE MAR 1      0                         0      0        0
  SINCE JAN 1      0                         0      0        0
..................................................................


WIND (MPH)
  RESULTANT WIND SPEED   4   RESULTANT WIND DIRECTION   N (340)
  HIGHEST WIND SPEED    18   HIGHEST WIND DIRECTION    NW (310)
  HIGHEST GUST SPEED    MM   HIGHEST GUST DIRECTION    MM
  AVERAGE WIND SPEED     6.4



WEATHER CONDITIONS
 THE FOLLOWING WEATHER WAS RECORDED YESTERDAY.
  LIGHT RAIN
  FOG


RELATIVE HUMIDITY (PERCENT)
 HIGHEST   100
 LOWEST     41
 AVERAGE    71

..........................................................


THE BETHEL CLIMATE NORMALS FOR TODAY
                         NORMAL    RECORD    YEAR
 MAXIMUM TEMPERATURE (F)   55        78      1969
 MINIMUM TEMPERATURE (F)   37        26      2001
                                             1939


SUNRISE AND SUNSET
MAY 26 2018...........SUNRISE   539 AM AKDT  SUNSET  1152 PM AKDT
MAY 27 2018...........SUNRISE   537 AM AKDT  SUNSET  1154 PM AKDT


-  INDICATES NEGATIVE NUMBERS.
R  INDICATES RECORD WAS SET OR TIED.
MM INDICATES DATA IS MISSING.
T  INDICATES TRACE AMOUNT.




$$
