883
CDUS46 KHNX 200035
CLIBFL


CLIMATE REPORT
NATIONAL WEATHER SERVICE SAN JOAQUIN VALLEY, CA
535 PM PDT THU APR 19 2018


...................................

...THE BAKERSFIELD CLIMATE SUMMARY FOR APRIL 19 2018...
VALID AS OF 0400 PM LOCAL TIME.

CLIMATE NORMAL PERIOD 1981 TO 2010
CLIMATE RECORD PERIOD 1889 TO 2018


WEATHER ITEM   OBSERVED TIME   RECORD YEAR NORMAL DEPARTURE LAST
                VALUE   (LST)  VALUE       VALUE  FROM      YEAR
                                                  NORMAL
..................................................................
TEMPERATURE (F)
 TODAY
  MAXIMUM         71    206 PM  98    1910  76     -5       75
  MINIMUM         51    608 AM  38    1996  51      0       53
                                      1968
                                      1955
  AVERAGE         61                        63     -2       64

PRECIPITATION (IN)
  TODAY            0.00          0.58 1988   0.02  -0.02     0.00
  MONTH TO DATE    0.20                      0.38  -0.18     0.35
  SINCE OCT 1      3.93                      5.95  -2.02     7.76
  SINCE JAN 1      3.86                      3.99  -0.13     4.73

SNOWFALL (IN)
  TODAY            0.0
  MONTH TO DATE    0.0
  SINCE MAR 1      0.0
  SINCE JUL 1      0.0
  SNOW DEPTH       0

DEGREE DAYS
 HEATING
  TODAY            4                         4      0        1
  MONTH TO DATE   47                        99    -52       46
  SINCE MAR 1    248                       338    -90      218
  SINCE JUL 1   1526                      2112   -586     1586

 COOLING
  TODAY            0                         2     -2        0
  MONTH TO DATE   46                        27     19       36
  SINCE MAR 1     62                        36     26       60
  SINCE JAN 1     62                        36     26       62
..................................................................


WIND (MPH)
  HIGHEST WIND SPEED    23   HIGHEST WIND DIRECTION    NW (330)
  HIGHEST GUST SPEED    35   HIGHEST GUST DIRECTION    NW (330)
  AVERAGE WIND SPEED     7.6




RELATIVE HUMIDITY (PERCENT)
 HIGHEST    54
 LOWEST     23
 AVERAGE    39

..........................................................


THE BAKERSFIELD CLIMATE NORMALS FOR TOMORROW
                         NORMAL    RECORD    YEAR
 MAXIMUM TEMPERATURE (F)   76        98      1906
 MINIMUM TEMPERATURE (F)   51        36      1904


SUNRISE AND SUNSET
APRIL 19 2018.........SUNRISE   619 AM PDT   SUNSET   733 PM PDT
APRIL 20 2018.........SUNRISE   617 AM PDT   SUNSET   733 PM PDT


-  INDICATES NEGATIVE NUMBERS.
R  INDICATES RECORD WAS SET OR TIED.
MM INDICATES DATA IS MISSING.
T  INDICATES TRACE AMOUNT.




$$
