000
CDUS45 KVEF 200827
CLIBIH


CLIMATE REPORT
NATIONAL WEATHER SERVICE LAS VEGAS, NV
126 AM PDT FRI APR 20 2018


...................................

...THE BISHOP CA CLIMATE SUMMARY FOR APRIL 19 2018...

CLIMATE NORMAL PERIOD 1981 TO 2010
CLIMATE RECORD PERIOD 1943 TO 2018


WEATHER ITEM   OBSERVED TIME   RECORD YEAR NORMAL DEPARTURE LAST
                VALUE   (LST)  VALUE       VALUE  FROM      YEAR
                                                  NORMAL
..................................................................
TEMPERATURE (F)
 YESTERDAY
  MAXIMUM         60    315 PM  89    1989  74    -14       72
  MINIMUM         44    634 AM  19    2007  37      7       32
  AVERAGE         52                        55     -3       52

PRECIPITATION (IN)
  YESTERDAY        T             0.46 1964   0.01  -0.01     0.00
  MONTH TO DATE    0.31                      0.19   0.12     0.92
  SINCE OCT 1      1.13                      4.24  -3.11     8.81
  SINCE JAN 1      0.97                      2.62  -1.65     8.45

SNOWFALL (IN)
  YESTERDAY       MM             T    1964   0.0   MM        0.0
  MONTH TO DATE    0.0                       0.1   -0.1      0.0
  SINCE MAR 1      0.0                       0.6   -0.6       T
  SINCE JUL 1      0.2                       8.0   -7.8      8.6
  SNOW DEPTH       0

DEGREE DAYS
 HEATING
  YESTERDAY       13                        10      3       13
  MONTH TO DATE  149                       228    -79      211
  SINCE MAR 1    701                       744    -43      620
  SINCE JUL 1   3530                      3951   -421     3620

 COOLING
  YESTERDAY        0                         0      0        0
  MONTH TO DATE    3                         0      3        0
  SINCE MAR 1      3                         0      3        0
  SINCE JAN 1      3                         0      3        0
..................................................................


WIND (MPH)
  RESULTANT WIND SPEED  20   RESULTANT WIND DIRECTION   N (360)
  HIGHEST WIND SPEED    32   HIGHEST WIND DIRECTION     N (360)
  HIGHEST GUST SPEED    44   HIGHEST GUST DIRECTION     N (20)
  AVERAGE WIND SPEED    20.1


SKY COVER
  POSSIBLE SUNSHINE  MM
  AVERAGE SKY COVER 0.4


WEATHER CONDITIONS
 THE FOLLOWING WEATHER WAS RECORDED YESTERDAY.
  LIGHT RAIN


RELATIVE HUMIDITY (PERCENT)
 HIGHEST    50          1000 PM
 LOWEST     20           200 PM
 AVERAGE    35

..........................................................


THE BISHOP CA CLIMATE NORMALS FOR TODAY
                         NORMAL    RECORD    YEAR
 MAXIMUM TEMPERATURE (F)   74        91      1950
 MINIMUM TEMPERATURE (F)   37        22      1967
                                             1966


SUNRISE AND SUNSET
APRIL 20 2018.........SUNRISE   612 AM PDT   SUNSET   733 PM PDT
APRIL 21 2018.........SUNRISE   611 AM PDT   SUNSET   734 PM PDT


-  INDICATES NEGATIVE NUMBERS.
R  INDICATES RECORD WAS SET OR TIED.
MM INDICATES DATA IS MISSING.
T  INDICATES TRACE AMOUNT.




$$
