000
CDUS45 KBYZ 190936
CLIBIL


CLIMATE REPORT
NATIONAL WEATHER SERVICE BILLINGS MT
335 AM MDT THU APR 19 2018


...................................

...THE BILLINGS MT CLIMATE SUMMARY FOR APRIL 18 2018...

CLIMATE NORMAL PERIOD 1981 TO 2010
CLIMATE RECORD PERIOD 1934 TO 2018


WEATHER ITEM   OBSERVED TIME   RECORD YEAR NORMAL DEPARTURE LAST
                VALUE   (LST)  VALUE       VALUE  FROM      YEAR
                                                  NORMAL
..................................................................
TEMPERATURE (F)
 YESTERDAY
  MAXIMUM         56    224 PM  83    1936  58     -2       64
  MINIMUM         33    536 AM  18    1951  35     -2       40
  AVERAGE         45                        47     -2       52

PRECIPITATION (IN)
  YESTERDAY        0.00          0.97 2005   0.06  -0.06     0.04
  MONTH TO DATE    1.50                      0.94   0.56     1.74
  SINCE OCT 1      8.11                      5.27   2.84    10.98
  SINCE JAN 1      4.46                      2.96   1.50     5.42

SNOWFALL (IN)
  YESTERDAY        0.0           6.4  2002   0.3   -0.3      0.0
  MONTH TO DATE   16.8                       5.7   11.1      3.4
  SINCE MAR 1     26.6                      15.9   10.7     13.8
  SINCE JUL 1    103.5                      50.4   53.1     74.1
  SNOW DEPTH       0

DEGREE DAYS
 HEATING
  YESTERDAY       20                        18      2       13
  MONTH TO DATE  515                       372    143      302
  SINCE MAR 1   1495                      1217    278     1020
  SINCE JUL 1   6892                      6182    710     6105

 COOLING
  YESTERDAY        0                         0      0        0
  MONTH TO DATE    0                         0      0        0
  SINCE MAR 1      0                         0      0        0
  SINCE JAN 1      0                         0      0        0
..................................................................


WIND (MPH)
  HIGHEST WIND SPEED    23   HIGHEST WIND DIRECTION     W (290)
  HIGHEST GUST SPEED    28   HIGHEST GUST DIRECTION     W (280)
  AVERAGE WIND SPEED    11.2


SKY COVER
  POSSIBLE SUNSHINE  MM
  AVERAGE SKY COVER 0.3


WEATHER CONDITIONS
 THE FOLLOWING WEATHER WAS RECORDED YESTERDAY.
  NO SIGNIFICANT WEATHER WAS OBSERVED.


RELATIVE HUMIDITY (PERCENT)
 HIGHEST    64          1200 AM
 LOWEST     26           100 PM
 AVERAGE    45

..........................................................


THE BILLINGS MT CLIMATE NORMALS FOR TODAY
                         NORMAL    RECORD    YEAR
 MAXIMUM TEMPERATURE (F)   59        87      1962
 MINIMUM TEMPERATURE (F)   36        11      1951


SUNRISE AND SUNSET
APRIL 19 2018.........SUNRISE   621 AM MDT   SUNSET   806 PM MDT
APRIL 20 2018.........SUNRISE   619 AM MDT   SUNSET   808 PM MDT


-  INDICATES NEGATIVE NUMBERS.
R  INDICATES RECORD WAS SET OR TIED.
MM INDICATES DATA IS MISSING.
T  INDICATES TRACE AMOUNT.




$$
