000
CDUS43 KBIS 260722
CLIBIS


CLIMATE REPORT
NATIONAL WEATHER SERVICE BISMARCK ND
222 AM CDT SAT MAY 26 2018


...................................

...THE BISMARCK ND CLIMATE SUMMARY FOR MAY 25 2018...

CLIMATE NORMAL PERIOD 1981 TO 2010
CLIMATE RECORD PERIOD 1875 TO 2018


WEATHER ITEM   OBSERVED TIME   RECORD YEAR NORMAL DEPARTURE LAST
                VALUE   (LST)  VALUE       VALUE  FROM      YEAR
                                                  NORMAL
..................................................................
TEMPERATURE (F)
 YESTERDAY
  MAXIMUM         92    257 PM  96    1941  71     21       77
  MINIMUM         59    520 AM  26    1924  46     13       48
  AVERAGE         76                        58     18       63

PRECIPITATION (IN)
  YESTERDAY        0.00          1.51 1960   0.08  -0.08     0.01
  MONTH TO DATE    1.15                      1.86  -0.71     0.25
  SINCE MAR 1      3.34                      3.99  -0.65     1.73
  SINCE JAN 1      4.09                      4.93  -0.84     3.13

SNOWFALL (IN)
  YESTERDAY        0.0           0.0  2002   0.0    0.0      0.0
                                      2001
  MONTH TO DATE    T                         0.4   -0.4      0.0
  SINCE MAR 1     26.3                      13.7   12.6      8.7
  SINCE JUL 1     44.1                      51.2   -7.1     71.6
  SNOW DEPTH       0

DEGREE DAYS
 HEATING
  YESTERDAY        0                         7     -7        2
  MONTH TO DATE  174                       271    -97      204
  SINCE MAR 1   2219                      1995    224     1834
  SINCE JUL 1   8535                      8426    109     7836

 COOLING
  YESTERDAY       11                         1     10        0
  MONTH TO DATE   33                         7     26       14
  SINCE MAR 1     34                         8     26       14
  SINCE JAN 1     34                         8     26       14
..................................................................


WIND (MPH)
  HIGHEST WIND SPEED    24   HIGHEST WIND DIRECTION     W (270)
  HIGHEST GUST SPEED    30   HIGHEST GUST DIRECTION     W (270)
  AVERAGE WIND SPEED     9.7


SKY COVER
  POSSIBLE SUNSHINE  MM
  AVERAGE SKY COVER 0.1


WEATHER CONDITIONS
 THE FOLLOWING WEATHER WAS RECORDED YESTERDAY.
  NO SIGNIFICANT WEATHER WAS OBSERVED.


RELATIVE HUMIDITY (PERCENT)
 HIGHEST    87           500 AM
 LOWEST     23           300 PM
 AVERAGE    55

..........................................................


THE BISMARCK ND CLIMATE NORMALS FOR TODAY
                         NORMAL    RECORD    YEAR
 MAXIMUM TEMPERATURE (F)   71        92      2006
                                             1934
 MINIMUM TEMPERATURE (F)   46        25      1984


SUNRISE AND SUNSET
MAY 26 2018...........SUNRISE   557 AM CDT   SUNSET   924 PM CDT
MAY 27 2018...........SUNRISE   556 AM CDT   SUNSET   925 PM CDT


-  INDICATES NEGATIVE NUMBERS.
R  INDICATES RECORD WAS SET OR TIED.
MM INDICATES DATA IS MISSING.
T  INDICATES TRACE AMOUNT.




$$
