000
CDUS46 KBOI 210931
CLIBKE


CLIMATE REPORT
NATIONAL WEATHER SERVICE BOISE ID
331 AM MDT SAT APR 21 2018


...................................

...THE BAKER OR CLIMATE SUMMARY FOR APRIL 20 2018...

CLIMATE NORMAL PERIOD 1981 TO 2010
CLIMATE RECORD PERIOD 1928 TO 2018


WEATHER ITEM   OBSERVED TIME   RECORD YEAR NORMAL DEPARTURE LAST
                VALUE   (LST)  VALUE       VALUE  FROM      YEAR
                                                  NORMAL
..................................................................
TEMPERATURE (F)
 YESTERDAY
  MAXIMUM         68    311 PM  82    1994  59      9       53
                                      1934
  MINIMUM         32    523 AM  17    2007  30      2       29
  AVERAGE         50                        44      6       41

PRECIPITATION (IN)
  YESTERDAY        0.00          1.14 2010   0.03  -0.03     0.04
  MONTH TO DATE    0.61                      0.52   0.09     0.47
  SINCE OCT 1      3.97                      5.23  -1.26     5.81
  SINCE JAN 1      2.71                      2.72  -0.01     3.07

DEGREE DAYS
 HEATING
  YESTERDAY       15                        21     -6       24
  MONTH TO DATE  398                       451    -53      472
  SINCE MAR 1   1179                      1299   -120     1204
  SINCE JUL 1   5938                      6819   -881     7032

 COOLING
  YESTERDAY        0                         0      0        0
  MONTH TO DATE    0                         0      0        0
  SINCE MAR 1      0                         0      0        0
  SINCE JAN 1      0                         0      0        0
..................................................................


WIND (MPH)
  RESULTANT WIND SPEED   5   RESULTANT WIND DIRECTION  NW (310)
  HIGHEST WIND SPEED    16   HIGHEST WIND DIRECTION    NW (330)
  HIGHEST GUST SPEED    22   HIGHEST GUST DIRECTION     W (290)
  AVERAGE WIND SPEED     7.0


SKY COVER
  AVERAGE SKY COVER 0.0


WEATHER CONDITIONS
 THE FOLLOWING WEATHER WAS RECORDED YESTERDAY.
  NO SIGNIFICANT WEATHER WAS OBSERVED.


RELATIVE HUMIDITY (PERCENT)
 HIGHEST    70           100 AM
 LOWEST     20           200 PM
 AVERAGE    45

..........................................................


THE BAKER OR CLIMATE NORMALS FOR TODAY
                         NORMAL    RECORD    YEAR
 MAXIMUM TEMPERATURE (F)   59        84      2009
 MINIMUM TEMPERATURE (F)   30        18      1951


SUNRISE AND SUNSET
APRIL 21 2018.........SUNRISE   556 AM PDT   SUNSET   744 PM PDT
APRIL 22 2018.........SUNRISE   555 AM PDT   SUNSET   745 PM PDT


-  INDICATES NEGATIVE NUMBERS.
R  INDICATES RECORD WAS SET OR TIED.
MM INDICATES DATA IS MISSING.
T  INDICATES TRACE AMOUNT.




$$
