000
CDUS43 KIND 270531
CLIBMG


CLIMATE REPORT
NATIONAL WEATHER SERVICE INDIANAPOLIS IN
131 AM EDT SUN MAY 27 2018


...................................

...THE BLOOMINGTON IN CLIMATE SUMMARY FOR MAY 26 2018...

CLIMATE NORMAL PERIOD 1981 TO 2010
CLIMATE RECORD PERIOD 9999 TO 9999


WEATHER ITEM   OBSERVED TIME   NORMAL DEPARTURE LAST
                VALUE   (LST)  VALUE  FROM      YEAR
                                      NORMAL
......................................................
TEMPERATURE (F)
 YESTERDAY
  MAXIMUM         87    442 PM  77     10       81
  MINIMUM         69    626 AM  54     15       49
  AVERAGE         78            66     12       65

PRECIPITATION (IN)
  YESTERDAY        0.01          0.15  -0.14     0.00
  MONTH TO DATE    2.45          4.40  -1.95     6.14
  SINCE MAR 1     11.77         12.98  -1.21    16.70
  SINCE JAN 1     19.94         19.05   0.89    21.74

DEGREE DAYS
 HEATING
  YESTERDAY        0             3     -3        0
  MONTH TO DATE   10           127   -117      136
  SINCE MAR 1   1275          1173    102      930
  SINCE JUL 1   5128          5241   -113     4117

 COOLING
  YESTERDAY       13             3     10        0
  MONTH TO DATE  175            47    128       60
  SINCE MAR 1    182            66    116      105
  SINCE JAN 1    188            66    122      105
......................................................


WIND (MPH)
  HIGHEST WIND SPEED    14   HIGHEST WIND DIRECTION    SW (230)
  HIGHEST GUST SPEED    17   HIGHEST GUST DIRECTION    SW (210)
  AVERAGE WIND SPEED     6.4


SKY COVER
  AVERAGE SKY COVER 0.3


WEATHER CONDITIONS
 THE FOLLOWING WEATHER WAS RECORDED YESTERDAY.
  LIGHT RAIN
  FOG


RELATIVE HUMIDITY (PERCENT)
 HIGHEST    93          1000 AM
 LOWEST     55           500 PM
 AVERAGE    74

..........................................................


THE BLOOMINGTON IN CLIMATE NORMALS FOR TODAY
                         NORMAL
 MAXIMUM TEMPERATURE (F)   77
 MINIMUM TEMPERATURE (F)   55


SUNRISE AND SUNSET
MAY 27 2018...........SUNRISE   625 AM EDT   SUNSET   903 PM EDT
MAY 28 2018...........SUNRISE   624 AM EDT   SUNSET   904 PM EDT


-  INDICATES NEGATIVE NUMBERS.
R  INDICATES RECORD WAS SET OR TIED.
MM INDICATES DATA IS MISSING.
T  INDICATES TRACE AMOUNT.




$$
