000
CDUS44 KLCH 190812
CLIBPT


CLIMATE REPORT
NATIONAL WEATHER SERVICE LAKE CHARLES, LA
312 AM CDT THU APR 19 2018


...................................

...THE BEAUMONT PORT ARTHUR CLIMATE SUMMARY FOR APRIL 18 2018...

CLIMATE NORMAL PERIOD 1981 TO 2010
CLIMATE RECORD PERIOD 1901 TO 2018


WEATHER ITEM   OBSERVED TIME   RECORD YEAR NORMAL DEPARTURE LAST
                VALUE   (LST)  VALUE       VALUE  FROM      YEAR
                                                  NORMAL
..................................................................
TEMPERATURE (F)
 YESTERDAY
  MAXIMUM         83    121 PM  90    1987  79      4       81
                                      1925
  MINIMUM         63   1159 PM  43    1999  60      3       68
  AVERAGE         73                        69      4       75

PRECIPITATION (IN)
  YESTERDAY        0.00          4.70 2009   0.11  -0.11     0.21
  MONTH TO DATE    1.66                      1.78  -0.12     1.49
  SINCE MAR 1      3.38                      5.31  -1.93    10.35
  SINCE JAN 1     17.31                     14.15   3.16    12.40

SNOWFALL (IN)
  YESTERDAY        0.0           0.0    MM   0.0    0.0      0.0
  MONTH TO DATE    0.0                       0.0    0.0      0.0
  SINCE MAR 1      0.0                       0.0    0.0      0.0
  SINCE JUL 1      3.1                       T      3.1      0.0
  SNOW DEPTH       0

DEGREE DAYS
 HEATING
  YESTERDAY        0                         1     -1        0
  MONTH TO DATE   53                        33     20        4
  SINCE MAR 1    128                       181    -53       58
  SINCE JUL 1   1243                      1394   -151      613

 COOLING
  YESTERDAY        8                         5      3       10
  MONTH TO DATE   59                        71    -12      129
  SINCE MAR 1    167                       126     41      282
  SINCE JAN 1    272                       152    120      476
..................................................................


WIND (MPH)
  HIGHEST WIND SPEED    16   HIGHEST WIND DIRECTION     S (180)
  HIGHEST GUST SPEED    23   HIGHEST GUST DIRECTION     S (180)
  AVERAGE WIND SPEED     8.6


SKY COVER
  POSSIBLE SUNSHINE  MM
  AVERAGE SKY COVER 0.7


WEATHER CONDITIONS
 THE FOLLOWING WEATHER WAS RECORDED YESTERDAY.
  FOG


RELATIVE HUMIDITY (PERCENT)
 HIGHEST   100          1100 PM
 LOWEST     51           100 PM
 AVERAGE    76

..........................................................


THE BEAUMONT PORT ARTHUR CLIMATE NORMALS FOR TODAY
                         NORMAL    RECORD    YEAR
 MAXIMUM TEMPERATURE (F)   79        90      1965
 MINIMUM TEMPERATURE (F)   60        44      2008


SUNRISE AND SUNSET
APRIL 19 2018.........SUNRISE   645 AM CDT   SUNSET   746 PM CDT
APRIL 20 2018.........SUNRISE   644 AM CDT   SUNSET   746 PM CDT


-  INDICATES NEGATIVE NUMBERS.
R  INDICATES RECORD WAS SET OR TIED.
MM INDICATES DATA IS MISSING.
T  INDICATES TRACE AMOUNT.




$$
