000
CDUS43 KDVN 230911
CLIBRL


CLIMATE REPORT
NATIONAL WEATHER SERVICE QUAD CITIES IA IL
410 AM CDT WED MAY 23 2018


...................................

...THE BURLINGTON IA CLIMATE SUMMARY FOR MAY 22 2018...

CLIMATE NORMAL PERIOD 1981 TO 2010
CLIMATE RECORD PERIOD 1897 TO 2018


WEATHER ITEM   OBSERVED TIME   RECORD YEAR NORMAL DEPARTURE LAST
                VALUE   (LST)  VALUE       VALUE  FROM      YEAR
                                                  NORMAL
..................................................................
TEMPERATURE (F)
 YESTERDAY
  MAXIMUM         80    413 PM  94    1925  76      4       72
  MINIMUM         54    453 AM  35    1963  55     -1       46
  AVERAGE         67                        66      1       59

PRECIPITATION (IN)
  YESTERDAY        0.00         MM      MM   0.16  -0.16     0.18
  MONTH TO DATE    2.10                      3.51  -1.41     2.90
  SINCE MAR 1      5.59                     10.06  -4.47    11.87
  SINCE JAN 1      9.68                     12.92  -3.24    13.73

DEGREE DAYS
 HEATING
  YESTERDAY        0                         3     -3        6
  MONTH TO DATE   10                       106    -96      114
  SINCE MAR 1   1444                      1190    254     1092
  SINCE JUL 1   5937                      5568    369     4786

 COOLING
  YESTERDAY        2                         3     -1        0
  MONTH TO DATE   89                        44     45       48
  SINCE MAR 1     91                        64     27       68
  SINCE JAN 1     91                        64     27       68
..................................................................


WIND (MPH)
  HIGHEST WIND SPEED     9   HIGHEST WIND DIRECTION    NE (30)
  HIGHEST GUST SPEED    13   HIGHEST GUST DIRECTION     N (340)
  AVERAGE WIND SPEED     3.3


SKY COVER
  POSSIBLE SUNSHINE  MM
  AVERAGE SKY COVER 0.3


WEATHER CONDITIONS
 THE FOLLOWING WEATHER WAS RECORDED YESTERDAY.
  FOG
  FOG W/VISIBILITY <= 1/4 MILE


RELATIVE HUMIDITY (PERCENT)
 HIGHEST   100           300 AM
 LOWEST     54           400 PM
 AVERAGE    77

..........................................................


THE BURLINGTON IA CLIMATE NORMALS FOR TODAY
                         NORMAL    RECORD    YEAR
 MAXIMUM TEMPERATURE (F)   77        92      1939
 MINIMUM TEMPERATURE (F)   55        34      1963


SUNRISE AND SUNSET
MAY 23 2018...........SUNRISE   540 AM CDT   SUNSET   822 PM CDT
MAY 24 2018...........SUNRISE   540 AM CDT   SUNSET   823 PM CDT


-  INDICATES NEGATIVE NUMBERS.
R  INDICATES RECORD WAS SET OR TIED.
MM INDICATES DATA IS MISSING.
T  INDICATES TRACE AMOUNT.




$$
