000
CDUS46 KLOX 200905
CLIBUR


CLIMATE REPORT
NATIONAL WEATHER SERVICE LOS ANGELES/OXNARD CA
205 AM PDT FRI APR 20 2018


...................................

...THE BOB HOPE AIRPORT (BURBANK) CA CLIMATE SUMMARY FOR APRIL 19 2018...

CLIMATE NORMAL PERIOD 1981 TO 2010
CLIMATE RECORD PERIOD 1939 TO 2018


WEATHER ITEM   OBSERVED TIME   RECORD YEAR NORMAL DEPARTURE LAST
                VALUE   (LST)  VALUE       VALUE  FROM      YEAR
                                                  NORMAL
..................................................................
TEMPERATURE (F)
 YESTERDAY
  MAXIMUM         64    254 PM  98    1958  74    -10       76
  MINIMUM         48    519 AM  38    1967  51     -3       55
  AVERAGE         56                        62     -6       66

PRECIPITATION (IN)
  YESTERDAY        T             0.27 1983   0.03  -0.03     0.00
  MONTH TO DATE    T                         0.80  -0.80     0.09
  SINCE OCT 1      6.23                     16.22  -9.99    13.70
  SINCE JAN 1      6.15                     11.78  -5.63     9.44

SNOWFALL (IN)
  YESTERDAY       MM
  MONTH TO DATE    0.0
  SINCE MAR 1      0.0
  SINCE JUL 1      0.0

DEGREE DAYS
 HEATING
  YESTERDAY        9                         4      5        0
  MONTH TO DATE   45                        99    -54       37
  SINCE MAR 1    243                       317    -74      125
  SINCE JUL 1    749                      1458   -709     1118

 COOLING
  YESTERDAY        0                         1     -1        1
  MONTH TO DATE   35                        19     16       12
  SINCE MAR 1     42                        29     13       78
  SINCE JAN 1     76                        35     41       79
..................................................................


WIND (MPH)
  HIGHEST WIND SPEED    15   HIGHEST WIND DIRECTION     S (200)
  HIGHEST GUST SPEED    21   HIGHEST GUST DIRECTION     S (200)
  AVERAGE WIND SPEED     6.9


SKY COVER
  POSSIBLE SUNSHINE  MM
  AVERAGE SKY COVER 0.4


WEATHER CONDITIONS
 THE FOLLOWING WEATHER WAS RECORDED YESTERDAY.
  LIGHT RAIN


RELATIVE HUMIDITY (PERCENT)
 HIGHEST    86           400 AM
 LOWEST     43           300 PM
 AVERAGE    65

..........................................................


THE BOB HOPE AIRPORT (BURBANK) CA CLIMATE NORMALS FOR TODAY
                         NORMAL    RECORD    YEAR
 MAXIMUM TEMPERATURE (F)   74       100      1958
 MINIMUM TEMPERATURE (F)   51        38      1972
                                             1967


SUNRISE AND SUNSET
APRIL 20 2018.........SUNRISE   616 AM PDT   SUNSET   729 PM PDT
APRIL 21 2018.........SUNRISE   615 AM PDT   SUNSET   730 PM PDT


-  INDICATES NEGATIVE NUMBERS.
R  INDICATES RECORD WAS SET OR TIED.
MM INDICATES DATA IS MISSING.
T  INDICATES TRACE AMOUNT.




$$
