000
CDUS45 KPIH 270729
CLIBYI


CLIMATE REPORT
NATIONAL WEATHER SERVICE POCATELLO ID
129 AM MDT SUN MAY 27 2018


...................................

...THE BURLEY ID CLIMATE SUMMARY FOR MAY 26 2018...

CLIMATE NORMAL PERIOD 1981 TO 2010
CLIMATE RECORD PERIOD 1948 TO 2018


WEATHER ITEM   OBSERVED TIME   RECORD YEAR NORMAL DEPARTURE LAST
                VALUE   (LST)  VALUE       VALUE  FROM      YEAR
                                                  NORMAL
..................................................................
TEMPERATURE (F)
 YESTERDAY
  MAXIMUM         74    139 PM  91    1958  70      4       54
  MINIMUM         49   1120 PM  27    1978  44      5       42
  AVERAGE         62                        57      5       48

PRECIPITATION (IN)
  YESTERDAY        0.32          0.78 2012   0.04   0.28     0.49
  MONTH TO DATE    1.45                      1.19   0.26     1.29
  SINCE OCT 1      6.97                      7.82  -0.85    12.41
  SINCE JAN 1      5.35                      4.99   0.36     7.62

SNOWFALL (IN)
  YESTERDAY       MM
  MONTH TO DATE   MM
  SINCE MAR 1     MM
  SINCE JUL 1     MM
  SNOW DEPTH      MM

DEGREE DAYS
 HEATING
  YESTERDAY        3                         8     -5       17
  MONTH TO DATE  154                       303   -149      273
  SINCE MAR 1   1438                      1669   -231     1417
  SINCE JUL 1   5789                      6691   -902     6223

 COOLING
  YESTERDAY        0                         0      0        0
  MONTH TO DATE   12                         0     12        0
  SINCE MAR 1     12                         0     12        0
  SINCE JAN 1     12                         0     12        0
..................................................................


WIND (MPH)
  HIGHEST WIND SPEED    24   HIGHEST WIND DIRECTION    SW (240)
  HIGHEST GUST SPEED    31   HIGHEST GUST DIRECTION     W (260)
  AVERAGE WIND SPEED     8.9


SKY COVER
  POSSIBLE SUNSHINE  MM
  AVERAGE SKY COVER 0.0


WEATHER CONDITIONS
 THE FOLLOWING WEATHER WAS RECORDED YESTERDAY.
  THUNDERSTORM
  HEAVY RAIN
  RAIN
  LIGHT RAIN


RELATIVE HUMIDITY (PERCENT)
 HIGHEST    80          1100 PM
 LOWEST     38           200 PM
 AVERAGE    59

..........................................................


THE BURLEY ID CLIMATE NORMALS FOR TODAY
                         NORMAL    RECORD    YEAR
 MAXIMUM TEMPERATURE (F)   70        91      1958
 MINIMUM TEMPERATURE (F)   44        33      1965


SUNRISE AND SUNSET
MAY 27 2018...........SUNRISE   603 AM MDT   SUNSET   902 PM MDT
MAY 28 2018...........SUNRISE   602 AM MDT   SUNSET   903 PM MDT


-  INDICATES NEGATIVE NUMBERS.
R  INDICATES RECORD WAS SET OR TIED.
MM INDICATES DATA IS MISSING.
T  INDICATES TRACE AMOUNT.




$$
