000
CDUS41 KCAR 260547
CLICAR


CLIMATE REPORT
NATIONAL WEATHER SERVICE CARIBOU, ME
146 AM EDT THU APR 26 2018


...................................

...THE CARIBOU ME CLIMATE SUMMARY FOR APRIL 25 2018...

CLIMATE NORMAL PERIOD 1981 TO 2010
CLIMATE RECORD PERIOD 1939 TO 2018


WEATHER ITEM   OBSERVED TIME   RECORD YEAR NORMAL DEPARTURE LAST
                VALUE   (LST)  VALUE       VALUE  FROM      YEAR
                                                  NORMAL
..................................................................
TEMPERATURE (F)
 YESTERDAY
  MAXIMUM         62    226 PM  77    2009  53      9       55
  MINIMUM         41    438 AM  17    2004  34      7       25
  AVERAGE         52                        43      9       40

PRECIPITATION (IN)
  YESTERDAY        0.38          0.67 2005   0.09   0.29     0.08
  MONTH TO DATE    2.75                      2.21   0.54     3.23
  SINCE MAR 1      5.45                      4.72   0.73     5.95
  SINCE JAN 1     12.95                      9.64   3.31    11.57

SNOWFALL (IN)
  YESTERDAY        0.0           2.3  1944   0.1   -0.1      0.0
  MONTH TO DATE    8.8                       7.0    1.8      9.4
  SINCE MAR 1     34.9                      25.3    9.6     33.0
  SINCE JUL 1    137.2                     107.8   29.4    129.6
  SNOW DEPTH       1

DEGREE DAYS
 HEATING
  YESTERDAY       13                        22     -9       25
  MONTH TO DATE  788                       694     94      641
  SINCE MAR 1   1905                      1948    -43     2024
  SINCE JUL 1   8108                      8669   -561     8005

 COOLING
  YESTERDAY        0                         0      0        0
  MONTH TO DATE    0                         0      0        0
  SINCE MAR 1      0                         0      0        0
  SINCE JAN 1      0                         0      0        0
..................................................................


WIND (MPH)
  HIGHEST WIND SPEED    17   HIGHEST WIND DIRECTION     S (200)
  HIGHEST GUST SPEED    24   HIGHEST GUST DIRECTION    SW (230)
  AVERAGE WIND SPEED     7.8


SKY COVER
  POSSIBLE SUNSHINE  MM
  AVERAGE SKY COVER 0.4


WEATHER CONDITIONS
 THE FOLLOWING WEATHER WAS RECORDED YESTERDAY.
  LIGHT RAIN
  FOG


RELATIVE HUMIDITY (PERCENT)
 HIGHEST    93           800 PM
 LOWEST     35           200 PM
 AVERAGE    64

..........................................................


THE CARIBOU ME CLIMATE NORMALS FOR TODAY
                         NORMAL    RECORD    YEAR
 MAXIMUM TEMPERATURE (F)   54        74      1979
 MINIMUM TEMPERATURE (F)   34        20      1966


SUNRISE AND SUNSET
APRIL 26 2018.........SUNRISE   525 AM EDT   SUNSET   735 PM EDT
APRIL 27 2018.........SUNRISE   523 AM EDT   SUNSET   737 PM EDT


-  INDICATES NEGATIVE NUMBERS.
R  INDICATES RECORD WAS SET OR TIED.
MM INDICATES DATA IS MISSING.
T  INDICATES TRACE AMOUNT.




$$
