000
CDUS46 KEKA 231215
CLICEC


CLIMATE REPORT
NATIONAL WEATHER SERVICE EUREKA CA
515 AM PDT WED MAY 23 2018


...................................

...THE CRESCENT CITY CA CLIMATE SUMMARY FOR MAY 22 2018...

CLIMATE NORMAL PERIOD 1981 TO 2010
CLIMATE RECORD PERIOD 1894 TO 2018


WEATHER ITEM   OBSERVED TIME   RECORD YEAR NORMAL DEPARTURE LAST
                VALUE   (LST)  VALUE       VALUE  FROM      YEAR
                                                  NORMAL
..................................................................
TEMPERATURE (F)
 YESTERDAY
  MAXIMUM         56    237 PM  73    1985  59     -3       66
  MINIMUM         52   1159 PM  37    2002  47      5       48
  AVERAGE         54                        53      1       57

PRECIPITATION (IN)
  YESTERDAY        0.00          1.75 1990   0.08  -0.08     0.00
  MONTH TO DATE    0.18                      2.26  -2.08     1.80
  SINCE OCT 1     44.78                     59.83 -15.05    92.65
  SINCE JAN 1     30.76                     34.59  -3.83    47.55

SNOWFALL (IN)
  YESTERDAY        0.0          MM      MM  MM     MM        0.0
  MONTH TO DATE    0.0                      MM     MM        0.0
  SINCE MAR 1      0.0                      MM     MM        0.0
  SINCE JUL 1      0.0                      MM     MM        0.0
  SNOW DEPTH       0

DEGREE DAYS
 HEATING
  YESTERDAY       11                        12     -1        8
  MONTH TO DATE  234                       289    -55      291
  SINCE MAR 1   1057                      1273   -216     1157
  SINCE JUL 1   3860                      4446   -586     4088

 COOLING
  YESTERDAY        0                         0      0        0
  MONTH TO DATE    0                         0      0        0
  SINCE MAR 1      0                         0      0        0
  SINCE JAN 1      0                         0      0        0
..................................................................


WIND (MPH)
  HIGHEST WIND SPEED    13   HIGHEST WIND DIRECTION     S (190)
  HIGHEST GUST SPEED    16   HIGHEST GUST DIRECTION     S (180)
  AVERAGE WIND SPEED     5.3


SKY COVER
  AVERAGE SKY COVER 1.0


WEATHER CONDITIONS
 THE FOLLOWING WEATHER WAS RECORDED YESTERDAY.
  FOG


RELATIVE HUMIDITY (PERCENT)
 HIGHEST   100
 LOWEST     83
 AVERAGE    92

..........................................................


THE CRESCENT CITY CA CLIMATE NORMALS FOR TODAY
                         NORMAL    RECORD    YEAR
 MAXIMUM TEMPERATURE (F)   59        71      1992
 MINIMUM TEMPERATURE (F)   47        37      2002


SUNRISE AND SUNSET
MAY 23 2018...........SUNRISE   550 AM PDT   SUNSET   838 PM PDT
MAY 24 2018...........SUNRISE   549 AM PDT   SUNSET   839 PM PDT


-  INDICATES NEGATIVE NUMBERS.
R  INDICATES RECORD WAS SET OR TIED.
MM INDICATES DATA IS MISSING.
T  INDICATES TRACE AMOUNT.




$$
