000
CDUS41 KLWX 270526
CLICHO


CLIMATE REPORT
NATIONAL WEATHER SERVICE BALTIMORE MD/WASHINGTON DC
125 AM EDT SUN MAY 27 2018


...................................

...THE CHARLOTTESVILLE VA CLIMATE SUMMARY FOR MAY 26 2018...

CLIMATE NORMAL PERIOD 1981 TO 2010
CLIMATE RECORD PERIOD 1998 TO 2018


WEATHER ITEM   OBSERVED TIME   RECORD YEAR NORMAL DEPARTURE LAST
                VALUE   (LST)  VALUE       VALUE  FROM      YEAR
                                                  NORMAL
..................................................................
TEMPERATURE (F)
 YESTERDAY
  MAXIMUM         88    239 PM  MM      MM  77     11       80
  MINIMUM         68    435 AM  MM      MM  55     13       56
  AVERAGE         78                        66     12       68

PRECIPITATION (IN)
  YESTERDAY        0.11                      0.14  -0.03      T
  MONTH TO DATE    4.69                      3.22   1.47     7.99
  SINCE MAR 1     10.29                     10.24   0.05    13.52
  SINCE JAN 1     16.15                     15.71   0.44    16.76

DEGREE DAYS
 HEATING
  YESTERDAY        0                         2     -2        0
  MONTH TO DATE    3                       112   -109       90
  SINCE MAR 1    970                      1012    -42      718
  SINCE JUL 1   3853                      4424   -571     3091

 COOLING
  YESTERDAY       13                         3     10        3
  MONTH TO DATE  192                        47    145       78
  SINCE MAR 1    208                        68    140      175
  SINCE JAN 1    213                        68    145      176
..................................................................


WIND (MPH)
  HIGHEST WIND SPEED    16   HIGHEST WIND DIRECTION    SW (210)
  HIGHEST GUST SPEED    25   HIGHEST GUST DIRECTION     S (190)
  AVERAGE WIND SPEED     6.1


SKY COVER
  POSSIBLE SUNSHINE  MM
  AVERAGE SKY COVER 0.2


WEATHER CONDITIONS
 THE FOLLOWING WEATHER WAS RECORDED YESTERDAY.
  THUNDERSTORM
  HEAVY RAIN
  LIGHT RAIN
  FOG


RELATIVE HUMIDITY (PERCENT)
 HIGHEST    93           800 PM
 LOWEST     55           200 PM
 AVERAGE    74

..........................................................


THE CHARLOTTESVILLE VA CLIMATE NORMALS FOR TODAY
                         NORMAL    RECORD    YEAR
 MAXIMUM TEMPERATURE (F)   78        MM        MM
 MINIMUM TEMPERATURE (F)   55        MM        MM


SUNRISE AND SUNSET
MAY 27 2018...........SUNRISE   555 AM EDT   SUNSET   828 PM EDT
MAY 28 2018...........SUNRISE   554 AM EDT   SUNSET   828 PM EDT


-  INDICATES NEGATIVE NUMBERS.
R  INDICATES RECORD WAS SET OR TIED.
MM INDICATES DATA IS MISSING.
T  INDICATES TRACE AMOUNT.




$$
