000
CDUS43 KDVN 212122
CLICID


CLIMATE REPORT
NATIONAL WEATHER SERVICE QUAD CITIES IA IL
421 PM CDT MON MAY 21 2018


...................................

...THE CEDAR RAPIDS IA CLIMATE SUMMARY FOR MAY 21 2018...
VALID TODAY AS OF 0400 PM LOCAL TIME.

CLIMATE NORMAL PERIOD 1981 TO 2010
CLIMATE RECORD PERIOD 1891 TO 2018


WEATHER ITEM   OBSERVED TIME   RECORD YEAR NORMAL DEPARTURE LAST
                VALUE   (LST)  VALUE       VALUE  FROM      YEAR
                                                  NORMAL
..................................................................
TEMPERATURE (F)
 TODAY
  MAXIMUM         63    259 PM  95    1921  73    -10       52
  MINIMUM         53    500 AM  32    1931  51      2       46
  AVERAGE         58                        62     -4       49

PRECIPITATION (IN)
  TODAY            0.32         MM      MM   0.14   0.18      T
  MONTH TO DATE    3.58                      2.77   0.81     2.94
  SINCE MAR 1      5.91                      7.92  -2.01     9.49
  SINCE JAN 1      7.94                     10.06  -2.12    11.66

DEGREE DAYS
 HEATING
  TODAY            7                         5      2       16
  MONTH TO DATE   44                       156   -112      167
  SINCE MAR 1   1654                      1518    136     1402
  SINCE JUL 1   6709                      6801    -92     5678

 COOLING
  TODAY            0                         2     -2        0
  MONTH TO DATE   47                        19     28       29
  SINCE MAR 1     49                        26     23       38
  SINCE JAN 1     49                        26     23       38
..................................................................


WIND (MPH)
  HIGHEST WIND SPEED    16   HIGHEST WIND DIRECTION     E (100)
  HIGHEST GUST SPEED    20   HIGHEST GUST DIRECTION     E (80)
  AVERAGE WIND SPEED     5.9


SKY COVER
  POSSIBLE SUNSHINE  MM
  AVERAGE SKY COVER 0.8


WEATHER CONDITIONS
 THE FOLLOWING WEATHER WAS RECORDED TODAY.
  HEAVY RAIN
  RAIN
  LIGHT RAIN
  FOG


RELATIVE HUMIDITY (PERCENT)
 HIGHEST   100           400 AM
 LOWEST     93           200 PM
 AVERAGE    97

..........................................................


THE CEDAR RAPIDS IA CLIMATE NORMALS FOR TOMORROW
                         NORMAL    RECORD    YEAR
 MAXIMUM TEMPERATURE (F)   73       102      1925
 MINIMUM TEMPERATURE (F)   51        31      1963


SUNRISE AND SUNSET
MAY 21 2018...........SUNRISE   541 AM CDT   SUNSET   826 PM CDT
MAY 22 2018...........SUNRISE   540 AM CDT   SUNSET   827 PM CDT


-  INDICATES NEGATIVE NUMBERS.
R  INDICATES RECORD WAS SET OR TIED.
MM INDICATES DATA IS MISSING.
T  INDICATES TRACE AMOUNT.




$$
