289
CDUS44 KHGX 220722
CLICLL


CLIMATE REPORT
NATIONAL WEATHER SERVICE HOUSTON/GALVESTON TX
222 AM CDT SUN APR 22 2018


...................................

...THE COLLEGE STATION CLIMATE SUMMARY FOR APRIL 21 2018...

CLIMATE NORMAL PERIOD 1981 TO 2010
CLIMATE RECORD PERIOD 1902 TO 2018


WEATHER ITEM   OBSERVED TIME   RECORD YEAR NORMAL DEPARTURE LAST
                VALUE   (LST)  VALUE       VALUE  FROM      YEAR
                                                  NORMAL
..................................................................
TEMPERATURE (F)
 YESTERDAY
  MAXIMUM         70    647 PM  94    1925  80    -10       86
                                      1892
  MINIMUM         54    143 AM  38    1931  60     -6       68
  AVERAGE         62                        70     -8       77

PRECIPITATION (IN)
  YESTERDAY        0.83          3.43 1921   0.09   0.74     0.00
  MONTH TO DATE    1.48                      1.72  -0.24     2.73
  SINCE MAR 1      7.64                      4.89   2.75     4.49
  SINCE JAN 1     10.56                     10.98  -0.42    11.49

SNOWFALL (IN)
  YESTERDAY        0.0
  MONTH TO DATE    0.0
  SINCE JUL 1      5.0

DEGREE DAYS
 HEATING
  YESTERDAY        3                         1      2        0
  MONTH TO DATE   67                        41     26        7
  SINCE MAR 1    147                       213    -66       73
  SINCE JUL 1   1514                      1600    -86      842

 COOLING
  YESTERDAY        0                         6     -6       12
  MONTH TO DATE   59                        92    -33      131
  SINCE MAR 1    161                       151     10      272
  SINCE JAN 1    207                       179     28      403
..................................................................


WIND (MPH)
  HIGHEST WIND SPEED    20   HIGHEST WIND DIRECTION    SE (150)
  HIGHEST GUST SPEED    24   HIGHEST GUST DIRECTION    SE (150)
  AVERAGE WIND SPEED     8.7


SKY COVER
  AVERAGE SKY COVER 0.8


WEATHER CONDITIONS
 THE FOLLOWING WEATHER WAS RECORDED YESTERDAY.
  THUNDERSTORM
  HEAVY RAIN
  RAIN
  LIGHT RAIN
  FOG


RELATIVE HUMIDITY (PERCENT)
 HIGHEST   100           600 PM
 LOWEST     76          1000 AM
 AVERAGE    88

..........................................................


THE COLLEGE STATION CLIMATE NORMALS FOR TODAY
                         NORMAL    RECORD    YEAR
 MAXIMUM TEMPERATURE (F)   80        93      2011
 MINIMUM TEMPERATURE (F)   60        42      1998
                                             1959


SUNRISE AND SUNSET
APRIL 22 2018.........SUNRISE   650 AM CDT   SUNSET   758 PM CDT
APRIL 23 2018.........SUNRISE   649 AM CDT   SUNSET   759 PM CDT


-  INDICATES NEGATIVE NUMBERS.
R  INDICATES RECORD WAS SET OR TIED.
MM INDICATES DATA IS MISSING.
T  INDICATES TRACE AMOUNT.




$$
