000
CDUS43 KTOP 260634
CLICNK


CLIMATE REPORT
NATIONAL WEATHER SERVICE TOPEKA KS
134 AM CDT SAT MAY 26 2018


...................................

...THE CONCORDIA KS CLIMATE SUMMARY FOR MAY 25 2018...

CLIMATE NORMAL PERIOD 1981 TO 2010
CLIMATE RECORD PERIOD 1885 TO 2018


WEATHER ITEM   OBSERVED TIME   RECORD YEAR NORMAL DEPARTURE LAST
                VALUE   (LST)  VALUE       VALUE  FROM      YEAR
                                                  NORMAL
..................................................................
TEMPERATURE (F)
 YESTERDAY
  MAXIMUM         90    444 PM  97    1967  77     13       77
                                      1953
  MINIMUM         64    553 AM  39    1925  55      9       48
  AVERAGE         77                        66     11       63

PRECIPITATION (IN)
  YESTERDAY        0.01          1.34 2014   0.14  -0.13     0.11
  MONTH TO DATE    3.65                      3.30   0.35     7.16
  SINCE MAR 1      5.22                      7.76  -2.54    15.69
  SINCE JAN 1      6.21                      9.13  -2.92    17.54

SNOWFALL (IN)
  YESTERDAY        0.0           T    1951   0.0    0.0      0.0
  MONTH TO DATE    0.0                       0.0    0.0       T
  SINCE JAN 1      9.8                      13.7   -3.9      2.1
  SINCE JUL 1     11.6                      20.2   -8.6      4.3
  SNOW DEPTH       0

DEGREE DAYS
 HEATING
  YESTERDAY        0                         2     -2        2
  MONTH TO DATE    8                       119   -111      145
  SINCE MAR 1   1221                      1176     45     1062
  SINCE JUL 1   5306                      5383    -77     4563

 COOLING
  YESTERDAY       12                         3      9        0
  MONTH TO DATE  129                        46     83       50
  SINCE MAR 1    138                        63     75       69
  SINCE JAN 1    138                        63     75       69
..................................................................


WIND (MPH)
  HIGHEST WIND SPEED    23   HIGHEST WIND DIRECTION     S (180)
  HIGHEST GUST SPEED    32   HIGHEST GUST DIRECTION     S (190)
  AVERAGE WIND SPEED    10.8


SKY COVER
  AVERAGE SKY COVER 0.1


WEATHER CONDITIONS
 THE FOLLOWING WEATHER WAS RECORDED YESTERDAY.
  LIGHT RAIN


RELATIVE HUMIDITY (PERCENT)
 HIGHEST    87           600 AM
 LOWEST     41           400 PM
 AVERAGE    64

..........................................................


THE CONCORDIA KS CLIMATE NORMALS FOR TODAY
                         NORMAL    RECORD    YEAR
 MAXIMUM TEMPERATURE (F)   77        98      2012
 MINIMUM TEMPERATURE (F)   55        40      1940


SUNRISE AND SUNSET
MAY 26 2018...........SUNRISE   608 AM CDT   SUNSET   848 PM CDT
MAY 27 2018...........SUNRISE   608 AM CDT   SUNSET   848 PM CDT


-  INDICATES NEGATIVE NUMBERS.
R  INDICATES RECORD WAS SET OR TIED.
MM INDICATES DATA IS MISSING.
T  INDICATES TRACE AMOUNT.




$$
