000
CDUS45 KGJT 270743
CLICNY


CLIMATE REPORT
NATIONAL WEATHER SERVICE GRAND JUNCTION CO
142 AM MDT SUN MAY 27 2018


...................................

...THE CANYONLANDS AIRPORT UT CLIMATE SUMMARY FOR MAY 26 2018...

CLIMATE NORMAL PERIOD 1981 TO 2010
CLIMATE RECORD PERIOD 9999 TO 9999


WEATHER ITEM   OBSERVED TIME   RECORD YEAR NORMAL DEPARTURE LAST
                VALUE   (LST)  VALUE       VALUE  FROM      YEAR
                                                  NORMAL
..................................................................
TEMPERATURE (F)
 YESTERDAY
  MAXIMUM         91    232 PM  MM      MM  83      8       85
  MINIMUM         56   1228 AM  MM      MM  50      6       57
  AVERAGE         74                        66      8       71

PRECIPITATION (IN)
  YESTERDAY        0.00         MM      MM   0.01  -0.01      T
  MONTH TO DATE    0.91                      0.50   0.41     0.45
  SINCE MAR 1      1.68                      1.96  -0.28     0.65
  SINCE JAN 1      2.65                      3.12  -0.47     1.29

SNOWFALL (IN)
  YESTERDAY       MM            MM      MM  MM     MM       MM
  MONTH TO DATE   MM                        MM     MM       MM
  SINCE MAR 1     MM                        MM     MM       MM
  SINCE JUL 1     MM                        MM     MM       MM
  SNOW DEPTH      MM

DEGREE DAYS
 HEATING
  YESTERDAY        0                         2     -2        0
  MONTH TO DATE   48                       125    -77      103
  SINCE MAR 1    938                      1141   -203      870
  SINCE JUL 1   4866                      5550   -684     4334

 COOLING
  YESTERDAY        9                         3      6        6
  MONTH TO DATE   77                        39     38       39
  SINCE MAR 1     84                        42     42       43
  SINCE JAN 1     84                        42     42       43
..................................................................


WIND (MPH)
  HIGHEST WIND SPEED    32   HIGHEST WIND DIRECTION     S (180)
  HIGHEST GUST SPEED    39   HIGHEST GUST DIRECTION     S (180)
  AVERAGE WIND SPEED    11.9


SKY COVER
  POSSIBLE SUNSHINE  MM
  AVERAGE SKY COVER 0.0


WEATHER CONDITIONS
 THE FOLLOWING WEATHER WAS RECORDED YESTERDAY.
  NO SIGNIFICANT WEATHER WAS OBSERVED.


RELATIVE HUMIDITY (PERCENT)
 HIGHEST    13          1200 AM
 LOWEST      4           400 PM
 AVERAGE     9

..........................................................


THE CANYONLANDS AIRPORT UT CLIMATE NORMALS FOR TODAY
                         NORMAL    RECORD    YEAR
 MAXIMUM TEMPERATURE (F)   83        MM        MM
 MINIMUM TEMPERATURE (F)   50        MM        MM


SUNRISE AND SUNSET
MAY 27 2018...........SUNRISE   558 AM MDT   SUNSET   835 PM MDT
MAY 28 2018...........SUNRISE   558 AM MDT   SUNSET   835 PM MDT


-  INDICATES NEGATIVE NUMBERS.
R  INDICATES RECORD WAS SET OR TIED.
MM INDICATES DATA IS MISSING.
T  INDICATES TRACE AMOUNT.




$$
