000
CDUS44 KCRP 220823
CLICRP

CLIMATE REPORT
NATIONAL WEATHER SERVICE CORPUS CHRISTI TX
322 AM CDT TUE MAY 22 2018


...................................

...THE CORPUS CHRISTI CLIMATE SUMMARY FOR MAY 21 2018...

CLIMATE NORMAL PERIOD 1981 TO 2010
CLIMATE RECORD PERIOD 1887 TO 2018


WEATHER ITEM   OBSERVED TIME   RECORD YEAR NORMAL DEPARTURE LAST
                VALUE   (LST)  VALUE       VALUE  FROM      YEAR
                                                  NORMAL
..................................................................
TEMPERATURE (F)
 YESTERDAY
  MAXIMUM         85    317 PM  98    1955  87     -2       87
  MINIMUM         69    611 AM  59    2009  71     -2       79
                                      1986
  AVERAGE         77                        79     -2       83

PRECIPITATION (IN)
  YESTERDAY        0.02          5.57 1941   0.11  -0.09     0.04
  MONTH TO DATE    0.68                      1.97  -1.29     0.38
  SINCE MAR 1      2.95                      5.70  -2.75     7.59
  SINCE JAN 1      4.68                      9.17  -4.49    10.43

SNOWFALL (IN)
  YESTERDAY        0.0
  MONTH TO DATE    0.0
  SINCE MAR 1      0.0
  SINCE JUL 1      1.0
  SNOW DEPTH       0

DEGREE DAYS
 HEATING
  YESTERDAY        0                         0      0        0
  MONTH TO DATE    0                         0      0        0
  SINCE MAR 1     42                        98    -56       16
  SINCE JUL 1    871                       898    -27      368

 COOLING
  YESTERDAY       12                        14     -2       18
  MONTH TO DATE  298                       262     36      272
  SINCE MAR 1    698                       614     84      778
  SINCE JAN 1    820                       690    130     1047
..................................................................


WIND (MPH)
  HIGHEST WIND SPEED    23   HIGHEST WIND DIRECTION    SE (140)
  HIGHEST GUST SPEED    29   HIGHEST GUST DIRECTION    NW (320)
  AVERAGE WIND SPEED     9.1


SKY COVER
  POSSIBLE SUNSHINE  MM
  AVERAGE SKY COVER 0.7


WEATHER CONDITIONS
 THE FOLLOWING WEATHER WAS RECORDED YESTERDAY.
  THUNDERSTORM
  LIGHT RAIN


RELATIVE HUMIDITY (PERCENT)
 HIGHEST   100           600 AM
 LOWEST     69          1000 AM
 AVERAGE    85

..........................................................


THE CORPUS CHRISTI CLIMATE NORMALS FOR TODAY
                         NORMAL    RECORD    YEAR
 MAXIMUM TEMPERATURE (F)   88        93      2005
 MINIMUM TEMPERATURE (F)   71        57      1988
                                             1967


SUNRISE AND SUNSET
MAY 22 2018...........SUNRISE   637 AM CDT   SUNSET   816 PM CDT
MAY 23 2018...........SUNRISE   637 AM CDT   SUNSET   817 PM CDT


-  INDICATES NEGATIVE NUMBERS.
R  INDICATES RECORD WAS SET OR TIED.
MM INDICATES DATA IS MISSING.
T  INDICATES TRACE AMOUNT.

$$

CB
