000
CDUS42 KTAE 230634
CLICTY


CLIMATE REPORT
NATIONAL WEATHER SERVICE TALLAHASSEE FL
234 AM EDT WED MAY 23 2018


...................................

...THE CROSS CITY  CLIMATE SUMMARY FOR MAY 22 2018...

CLIMATE NORMAL PERIOD 1981 TO 2010
CLIMATE RECORD PERIOD 1948 TO 2018


WEATHER ITEM   OBSERVED TIME   NORMAL DEPARTURE LAST
                VALUE   (LST)  VALUE  FROM      YEAR
                                      NORMAL
......................................................
TEMPERATURE (F)
 YESTERDAY
  MAXIMUM         87   1255 PM  89     -2       90
  MINIMUM         68    415 AM  64      4       66
  AVERAGE         78            76      2

PRECIPITATION (IN)
  YESTERDAY        0.04          0.08  -0.04     0.00
  MONTH TO DATE    6.08          1.57   4.51     2.12
  SINCE MAR 1     16.99          8.74   8.25     5.09
  SINCE JAN 1     24.67         16.05   8.62     7.64

DEGREE DAYS
 HEATING
  YESTERDAY        0             0      0
  MONTH TO DATE    0             0      0
  SINCE MAR 1    215           183     32
  SINCE JUL 1   1164          1303   -139

 COOLING
  YESTERDAY       13            11      2
  MONTH TO DATE  208           186     22
  SINCE MAR 1    340           341     -1
  SINCE JAN 1    451           368     83
......................................................


WIND (MPH)
  RESULTANT WIND SPEED   4   RESULTANT WIND DIRECTION   S (160)
  HIGHEST WIND SPEED    10   HIGHEST WIND DIRECTION    SW (230)
  HIGHEST GUST SPEED    17   HIGHEST GUST DIRECTION     S (180)
  AVERAGE WIND SPEED     5.5



WEATHER CONDITIONS
 THE FOLLOWING WEATHER WAS RECORDED YESTERDAY.
  LIGHT RAIN
  FOG
  HAZE


RELATIVE HUMIDITY (PERCENT)
 HIGHEST    94
 LOWEST     51

..........................................................




SUNRISE AND SUNSET
MAY 23 2018...........SUNRISE   636 AM EDT   SUNSET   823 PM EDT
MAY 24 2018...........SUNRISE   635 AM EDT   SUNSET   824 PM EDT


-  INDICATES NEGATIVE NUMBERS.
R  INDICATES RECORD WAS SET OR TIED.
MM INDICATES DATA IS MISSING.
T  INDICATES TRACE AMOUNT.




$$
