000
CDUS41 KILN 212053
CLICVG


CLIMATE REPORT
NATIONAL WEATHER SERVICE WILMINGTON OH
452 PM EDT SAT APR 21 2018


...................................

...THE CINCINNATI OH CLIMATE SUMMARY FOR APRIL 21 2018...
VALID TODAY AS OF 0400 PM LOCAL TIME.

CLIMATE NORMAL PERIOD 1981 TO 2010
CLIMATE RECORD PERIOD 1869 TO 2018


WEATHER ITEM   OBSERVED TIME   RECORD YEAR NORMAL DEPARTURE LAST
                VALUE   (LST)  VALUE       VALUE  FROM      YEAR
                                                  NORMAL
..................................................................
TEMPERATURE (F)
 TODAY
  MAXIMUM         63    225 PM  86    1902  67     -4       65
  MINIMUM         39    526 AM  30    1981  46     -7       48
                                      1901
  AVERAGE         51                        56     -5       57

PRECIPITATION (IN)
  TODAY            0.00          1.99 2002   0.14  -0.14     0.20
  MONTH TO DATE    3.17                      2.67   0.50     2.51
  SINCE MAR 1      7.03                      6.63   0.40     7.32
  SINCE JAN 1     17.04                     12.44   4.60    14.54

SNOWFALL (IN)
  TODAY            0.0           1.5  1901   0.0    0.0      0.0
  MONTH TO DATE    2.5                       0.5    2.0      0.0
  SINCE MAR 1     12.2                       3.5    8.7      2.0
  SINCE JUL 1     23.8                      22.1    1.7     10.0
  SNOW DEPTH       0

DEGREE DAYS
 HEATING
  TODAY           14                        10      4        8
  MONTH TO DATE  386                       268    118      129
  SINCE MAR 1   1157                       934    223      752
  SINCE JUL 1   4844                      4761     83     3832

 COOLING
  TODAY            0                         1     -1        0
  MONTH TO DATE    7                         9     -2       33
  SINCE MAR 1      7                         9     -2       34
  SINCE JAN 1     12                         9      3       34
..................................................................


WIND (MPH)
  HIGHEST WIND SPEED    13   HIGHEST WIND DIRECTION     E (90)
  HIGHEST GUST SPEED    15   HIGHEST GUST DIRECTION     E (100)
  AVERAGE WIND SPEED     7.6


SKY COVER
  POSSIBLE SUNSHINE  MM
  AVERAGE SKY COVER 0.5


WEATHER CONDITIONS
 THE FOLLOWING WEATHER WAS RECORDED TODAY.
  NO SIGNIFICANT WEATHER WAS OBSERVED.


RELATIVE HUMIDITY (PERCENT)
 HIGHEST    59           400 AM
 LOWEST     20           300 PM
 AVERAGE    40

..........................................................


THE CINCINNATI OH CLIMATE NORMALS FOR TOMORROW
                         NORMAL    RECORD    YEAR
 MAXIMUM TEMPERATURE (F)   67        86      1985
                                             1946
 MINIMUM TEMPERATURE (F)   46        28      1986


SUNRISE AND SUNSET
APRIL 21 2018.........SUNRISE   654 AM EDT   SUNSET   822 PM EDT
APRIL 22 2018.........SUNRISE   652 AM EDT   SUNSET   823 PM EDT


-  INDICATES NEGATIVE NUMBERS.
R  INDICATES RECORD WAS SET OR TIED.
MM INDICATES DATA IS MISSING.
T  INDICATES TRACE AMOUNT.




$$
