000
CDUS43 KILX 270644
CLIDEC


CLIMATE REPORT
NATIONAL WEATHER SERVICE LINCOLN IL
140 AM CDT SUN MAY 27 2018


...................................

...THE DECATUR IL AIRPORT CLIMATE SUMMARY FOR MAY 26 2018...

CLIMATE NORMAL PERIOD 1981 TO 2010
CLIMATE RECORD PERIOD 9999 TO 9999


WEATHER ITEM   OBSERVED TIME   RECORD YEAR NORMAL DEPARTURE LAST
                VALUE   (LST)  VALUE       VALUE  FROM      YEAR
                                                  NORMAL
..................................................................
TEMPERATURE (F)
 YESTERDAY
  MAXIMUM         90    312 PM  MM      MM  77     13       83
  MINIMUM         69    515 AM  MM      MM  55     14       55
  AVERAGE         80                        66     14       69

PRECIPITATION (IN)
  YESTERDAY        0.00         MM      MM   0.12  -0.12     0.01
  MONTH TO DATE    1.46                      3.76  -2.30     8.49
  SINCE MAR 1      6.70                     10.20  -3.50    16.77
  SINCE JAN 1     11.83                     13.92  -2.09    18.87

DEGREE DAYS
 HEATING
  YESTERDAY        0                         3     -3        0
  MONTH TO DATE    7                       129   -122      148
  SINCE MAR 1   1396                      1235    161     1052
  SINCE JUL 1   5548                      5492     56     4411

 COOLING
  YESTERDAY       15                         4     11        4
  MONTH TO DATE  153                        53    100       54
  SINCE MAR 1    156                        67     89       77
  SINCE JAN 1    156                        67     89       77
..................................................................


WIND (MPH)
  HIGHEST WIND SPEED    13   HIGHEST WIND DIRECTION     W (290)
  HIGHEST GUST SPEED    15   HIGHEST GUST DIRECTION     W (270)
  AVERAGE WIND SPEED     6.8


SKY COVER
  POSSIBLE SUNSHINE  MM
  AVERAGE SKY COVER 0.2


WEATHER CONDITIONS
 THE FOLLOWING WEATHER WAS RECORDED YESTERDAY.
  NO SIGNIFICANT WEATHER WAS OBSERVED.


RELATIVE HUMIDITY (PERCENT)
 HIGHEST   100           600 AM
 LOWEST     40           600 PM
 AVERAGE    70

..........................................................


THE DECATUR IL AIRPORT CLIMATE NORMALS FOR TODAY
                         NORMAL    RECORD    YEAR
 MAXIMUM TEMPERATURE (F)   77        MM        MM
 MINIMUM TEMPERATURE (F)   55        MM        MM


SUNRISE AND SUNSET
MAY 27 2018...........SUNRISE   532 AM CDT   SUNSET   814 PM CDT
MAY 28 2018...........SUNRISE   531 AM CDT   SUNSET   815 PM CDT


-  INDICATES NEGATIVE NUMBERS.
R  INDICATES RECORD WAS SET OR TIED.
MM INDICATES DATA IS MISSING.
T  INDICATES TRACE AMOUNT.




$$
