000
CDUS44 KFWD 210641
CLIDFW

CLIMATE REPORT
NATIONAL WEATHER SERVICE FORT WORTH TX
140 AM CDT SAT APR 21 2018

...................................

...THE DALLAS FORT WORTH CLIMATE SUMMARY FOR APRIL 20 2018...

CLIMATE NORMAL PERIOD 1981 TO 2010
CLIMATE RECORD PERIOD 1898 TO 2018


WEATHER ITEM   OBSERVED TIME   RECORD YEAR NORMAL DEPARTURE LAST
                VALUE   (LST)  VALUE       VALUE  FROM      YEAR
                                                  NORMAL
..................................................................
TEMPERATURE (F)
 YESTERDAY
  MAXIMUM         70    405 PM  94    1925  77     -7       85
  MINIMUM         48    236 AM  40    1953  56     -8       70
  AVERAGE         59                        67     -8       78

PRECIPITATION (IN)
  YESTERDAY        0.00          1.52 1942   0.11  -0.11     0.00
  MONTH TO DATE    0.21                      1.82  -1.61     3.32
  SINCE MAR 1      3.11                      5.31  -2.20     4.38
  SINCE JAN 1     15.27                     10.10   5.17    11.10

SNOWFALL (IN)
  YESTERDAY        0.0           0.0    MM   0.0    0.0      0.0
  MONTH TO DATE    0.0                       0.0    0.0      0.0
  SINCE MAR 1      0.0                       0.2   -0.2      0.0
  SINCE JUL 1      T                         1.6   -1.6      0.1
  SNOW DEPTH       0

DEGREE DAYS
 HEATING
  YESTERDAY        6                         2      4        0
  MONTH TO DATE  129                        70     59        6
  SINCE MAR 1    243                       331    -88       99
  SINCE JUL 1   1910                      2263   -353     1287

 COOLING
  YESTERDAY        0                         4     -4       13
  MONTH TO DATE   34                        54    -20      120
  SINCE MAR 1    104                        86     18      243
  SINCE JAN 1    126                        93     33      311
..................................................................


WIND (MPH)
  HIGHEST WIND SPEED    23   HIGHEST WIND DIRECTION    SE (120)
  HIGHEST GUST SPEED    27   HIGHEST GUST DIRECTION    SE (130)
  AVERAGE WIND SPEED    13.3


SKY COVER
  POSSIBLE SUNSHINE  MM
  AVERAGE SKY COVER 0.4


WEATHER CONDITIONS
 THE FOLLOWING WEATHER WAS RECORDED YESTERDAY.
  NO SIGNIFICANT WEATHER WAS OBSERVED.


RELATIVE HUMIDITY (PERCENT)
 HIGHEST    66           300 AM
 LOWEST     32           300 PM
 AVERAGE    49

..........................................................


THE DALLAS FORT WORTH CLIMATE NORMALS FOR TODAY
                         NORMAL    RECORD    YEAR
 MAXIMUM TEMPERATURE (F)   78        95      1955
 MINIMUM TEMPERATURE (F)   56        39      1918


SUNRISE AND SUNSET
APRIL 21 2018.........SUNRISE   651 AM CDT   SUNSET   803 PM CDT
APRIL 22 2018.........SUNRISE   650 AM CDT   SUNSET   803 PM CDT


-  INDICATES NEGATIVE NUMBERS.
R  INDICATES RECORD WAS SET OR TIED.
MM INDICATES DATA IS MISSING.
T  INDICATES TRACE AMOUNT.

$$
