000
CDUS45 KTFX 250808
CLIDLN


CLIMATE REPORT
NATIONAL WEATHER SERVICE GREAT FALLS MT
207 AM MDT FRI MAY 25 2018


...................................

...THE DILLON AIRPORT MT CLIMATE SUMMARY FOR MAY 24 2018...

CLIMATE NORMAL PERIOD 1981 TO 2010
CLIMATE RECORD PERIOD 1929 TO 2018


WEATHER ITEM   OBSERVED TIME   RECORD YEAR NORMAL DEPARTURE LAST
                VALUE   (LST)  VALUE       VALUE  FROM      YEAR
                                                  NORMAL
..................................................................
TEMPERATURE (F)
 YESTERDAY
  MAXIMUM         71    419 PM  85    1988  66      5       70
  MINIMUM         48    230 AM  27    1989  39      9       42
  AVERAGE         60                        52      8       56

PRECIPITATION (IN)
  YESTERDAY        0.00          0.85 2011   0.08  -0.08     0.00
  MONTH TO DATE    0.40                      1.39  -0.99     1.49
  SINCE OCT 1      4.97                      4.91   0.06     6.77
  SINCE JAN 1      3.84                      3.51   0.33     4.23

SNOWFALL (IN)
  YESTERDAY       MM
  SNOW DEPTH       0

DEGREE DAYS
 HEATING
  YESTERDAY        5                               -8        9
  MONTH TO DATE  317                              -56      347
  SINCE MAR 1   2167                              142     1763
  SINCE JUL 1   8144                              202     7718

 COOLING
  YESTERDAY        0                                0        0
  MONTH TO DATE    0                                0        0
  SINCE MAR 1      0                                0        0
  SINCE JAN 1      0                                0        0
..................................................................


WIND (MPH)
  HIGHEST WIND SPEED    24   HIGHEST WIND DIRECTION    SW (230)
  HIGHEST GUST SPEED    28   HIGHEST GUST DIRECTION    SW (240)
  AVERAGE WIND SPEED    12.6


SKY COVER
  AVERAGE SKY COVER 0.7


WEATHER CONDITIONS
 THE FOLLOWING WEATHER WAS RECORDED YESTERDAY.
  NO SIGNIFICANT WEATHER WAS OBSERVED.


RELATIVE HUMIDITY (PERCENT)
 HIGHEST    89
 LOWEST     40
 AVERAGE    65

..........................................................


THE DILLON AIRPORT MT CLIMATE NORMALS FOR TODAY
                         NORMAL    RECORD    YEAR
 MAXIMUM TEMPERATURE (F)   66        83      2001
 MINIMUM TEMPERATURE (F)   39        19      1950


SUNRISE AND SUNSET
MAY 25 2018...........SUNRISE   551 AM MDT   SUNSET   904 PM MDT
MAY 26 2018...........SUNRISE   550 AM MDT   SUNSET   905 PM MDT


-  INDICATES NEGATIVE NUMBERS.
R  INDICATES RECORD WAS SET OR TIED.
MM INDICATES DATA IS MISSING.
T  INDICATES TRACE AMOUNT.




$$
