000
CDUS41 KLWX 202127
CLIDMH


CLIMATE REPORT
NATIONAL WEATHER SERVICE BALTIMORE MD/WASHINGTON DC
526 PM EDT SUN MAY 20 2018


...................................

...THE BALTIMORE INNER HARBOR MD CLIMATE SUMMARY FOR MAY 20 2018...
VALID TODAY AS OF 0500 PM LOCAL TIME.

CLIMATE NORMAL PERIOD 1981 TO 2010
CLIMATE RECORD PERIOD 1999 TO 2018


WEATHER ITEM   OBSERVED TIME   RECORD YEAR NORMAL DEPARTURE LAST
                VALUE   (LST)  VALUE       VALUE  FROM      YEAR
                                                  NORMAL
..................................................................
TEMPERATURE (F)
 TODAY
  MAXIMUM         88    354 PM  MM      MM  76     12       72
  MINIMUM         68    553 AM  MM      MM  58     10       61
  AVERAGE         78                        67     11       67

PRECIPITATION (IN)
  TODAY            0.00         MM      MM   0.12  -0.12     0.00
  MONTH TO DATE    5.33                      2.09   3.24     3.12
  SINCE MAR 1     12.71                      9.17   3.54     9.88
  SINCE JAN 1     18.45                     14.69   3.76    13.77

DEGREE DAYS
 HEATING
  TODAY            0                         2     -2        0
  MONTH TO DATE   12                        66    -54       69
  SINCE MAR 1    998                       923     75      785
  SINCE JUL 1   3790                      4011   -221     3239

 COOLING
  TODAY           13                         4      9        2
  MONTH TO DATE  121                        54     67       70
  SINCE MAR 1    145                        79     66      152
  SINCE JAN 1    147                        79     68      152
..................................................................


WIND (MPH)
  HIGHEST WIND SPEED    MM   HIGHEST WIND DIRECTION    MM
  HIGHEST GUST SPEED    MM   HIGHEST GUST DIRECTION    MM
  AVERAGE WIND SPEED    MM


SKY COVER
  POSSIBLE SUNSHINE  MM



RELATIVE HUMIDITY (PERCENT)
 HIGHEST   100          1200 AM
 LOWEST     43           400 PM
 AVERAGE    72

..........................................................


THE BALTIMORE INNER HARBOR MD CLIMATE NORMALS FOR TOMORROW
                         NORMAL    RECORD    YEAR
 MAXIMUM TEMPERATURE (F)   77        MM        MM
 MINIMUM TEMPERATURE (F)   59        MM        MM


SUNRISE AND SUNSET
MAY 20 2018...........SUNRISE   549 AM EDT   SUNSET   818 PM EDT
MAY 21 2018...........SUNRISE   548 AM EDT   SUNSET   818 PM EDT


-  INDICATES NEGATIVE NUMBERS.
R  INDICATES RECORD WAS SET OR TIED.
MM INDICATES DATA IS MISSING.
T  INDICATES TRACE AMOUNT.




$$
