453
CDUS45 KTWC 230731 RRA
CLIDUG

CLIMATE REPORT
NATIONAL WEATHER SERVICE TUCSON AZ
1230 AM MST WED MAY 23 2018


...................................

...THE DOUGLAS AZ CLIMATE SUMMARY FOR MAY 22 2018...

CLIMATE NORMAL PERIOD 1981 TO 2010
CLIMATE RECORD PERIOD 1948 TO 2018


WEATHER ITEM   OBSERVED TIME   RECORD YEAR NORMAL DEPARTURE LAST
                VALUE   (LST)  VALUE       VALUE  FROM      YEAR
                                                  NORMAL
..................................................................
TEMPERATURE (F)
 YESTERDAY
  MAXIMUM         86    449 PM 105    2005  90     -4       94
  MINIMUM         53    242 AM  39    1962  53      0       50
  AVERAGE         70                        72     -2       72

PRECIPITATION (IN)
  YESTERDAY        0.00          T    1994   0.01  -0.01     0.00
                                      1994
                                      2014
  MONTH TO DATE    0.00                      0.19  -0.19     0.07
  SINCE OCT 1      1.87                      4.86  -2.99     3.12
  SINCE JAN 1      1.04                      2.31  -1.27     1.77

DEGREE DAYS
 HEATING
  YESTERDAY        0                         0      0        0
  MONTH TO DATE   18                        20     -2       44
  SINCE MAR 1    349                       485   -136      330
  SINCE JUL 1   2024                      2521   -497     2123

 COOLING
  YESTERDAY        5                         7     -2        7
  MONTH TO DATE  130                       100     30       65
  SINCE MAR 1    207                       130     77      109
  SINCE JAN 1    207                       130     77      109
..................................................................


WIND (MPH)
  HIGHEST WIND SPEED    25   HIGHEST WIND DIRECTION     S (170)
  HIGHEST GUST SPEED    33   HIGHEST GUST DIRECTION     S (170)
  AVERAGE WIND SPEED    11.3


SKY COVER
  POSSIBLE SUNSHINE  MM
  AVERAGE SKY COVER 0.0


WEATHER CONDITIONS
 THE FOLLOWING WEATHER WAS RECORDED YESTERDAY.
  NO SIGNIFICANT WEATHER WAS OBSERVED.


RELATIVE HUMIDITY (PERCENT)
 HIGHEST    38
 LOWEST      6
 AVERAGE    22

..........................................................


THE DOUGLAS AZ CLIMATE NORMALS FOR TODAY
                         NORMAL    RECORD    YEAR
 MAXIMUM TEMPERATURE (F)   90       102      2005
 MINIMUM TEMPERATURE (F)   53        42      1962


SUNRISE AND SUNSET
MAY 23 2018...........SUNRISE   518 AM MST   SUNSET   713 PM MST
MAY 24 2018...........SUNRISE   517 AM MST   SUNSET   714 PM MST


-  INDICATES NEGATIVE NUMBERS.
R  INDICATES RECORD WAS SET OR TIED.
MM INDICATES DATA IS MISSING.
T  INDICATES TRACE AMOUNT.




$$
