000
CDUS46 KOTX 280832
CLIEAT


CLIMATE REPORT
NATIONAL WEATHER SERVICE SPOKANE, WA
132 AM PDT MON MAY 28 2018


...................................

...THE WENATCHEE WA PANGBORN FIELD CLIMATE SUMMARY FOR MAY 27 2018...

CLIMATE NORMAL PERIOD 1981 TO 2010
CLIMATE RECORD PERIOD 1959 TO 2018


WEATHER ITEM   OBSERVED TIME   RECORD YEAR NORMAL DEPARTURE LAST
                VALUE   (LST)  VALUE       VALUE  FROM      YEAR
                                                  NORMAL
..................................................................
TEMPERATURE (F)
 YESTERDAY
  MAXIMUM         83    523 PM  89    2005  74      9       85
  MINIMUM         55    404 AM  39    1977  52      3       56
  AVERAGE         69                        63      6       71

PRECIPITATION (IN)
  YESTERDAY        0.00          0.33 1982   0.03  -0.03     0.00
  MONTH TO DATE    0.66                      0.57   0.09     0.59
  SINCE OCT 1      7.36                      6.49   0.87     9.60
  SINCE JAN 1      4.28                      3.54   0.74     6.78

SNOWFALL (IN)
  YESTERDAY       MM

DEGREE DAYS
 HEATING
  YESTERDAY        0                         4     -4        0
  MONTH TO DATE   33                       185   -152      198
  SINCE MAR 1   1165                      1237    -72     1410
  SINCE JUL 1   5583                      5701   -118     6201

 COOLING
  YESTERDAY        4                         2      2        6
  MONTH TO DATE   89                        28     61       26
  SINCE MAR 1     89                        66     23       26
  SINCE JAN 1     89                        66     23       26
..................................................................


WIND (MPH)
  HIGHEST WIND SPEED    21   HIGHEST WIND DIRECTION     W (290)
  HIGHEST GUST SPEED    25   HIGHEST GUST DIRECTION     W (290)
  AVERAGE WIND SPEED    11.1


SKY COVER
  POSSIBLE SUNSHINE  MM
  AVERAGE SKY COVER 0.0


WEATHER CONDITIONS
 THE FOLLOWING WEATHER WAS RECORDED YESTERDAY.
  NO SIGNIFICANT WEATHER WAS OBSERVED.


RELATIVE HUMIDITY (PERCENT)
 HIGHEST    55           500 AM
 LOWEST     23           300 PM
 AVERAGE    39

..........................................................


THE WENATCHEE WA PANGBORN FIELD CLIMATE NORMALS FOR TODAY
                         NORMAL    RECORD    YEAR
 MAXIMUM TEMPERATURE (F)   74        94      1983
 MINIMUM TEMPERATURE (F)   52        41      1998


SUNRISE AND SUNSET
MAY 28 2018...........SUNRISE   511 AM PDT   SUNSET   846 PM PDT
MAY 29 2018...........SUNRISE   510 AM PDT   SUNSET   847 PM PDT


-  INDICATES NEGATIVE NUMBERS.
R  INDICATES RECORD WAS SET OR TIED.
MM INDICATES DATA IS MISSING.
T  INDICATES TRACE AMOUNT.




$$
