000
CDUS42 KAKQ 220542
CLIECG


CLIMATE REPORT
NATIONAL WEATHER SERVICE WAKEFIELD, VA
141 AM EDT SUN APR 22 2018


...................................

...THE ELIZABETH CITY NC CLIMATE SUMMARY FOR APRIL 21 2018...

CLIMATE NORMAL PERIOD 1981 TO 2010
CLIMATE RECORD PERIOD 1934 TO 2018


WEATHER ITEM   OBSERVED TIME   RECORD YEAR NORMAL DEPARTURE LAST
                VALUE   (LST)  VALUE       VALUE  FROM      YEAR
                                                  NORMAL
..................................................................
TEMPERATURE (F)
 YESTERDAY
  MAXIMUM         61   1224 PM  94    1985  71    -10       88
  MINIMUM         38    434 AM  32    1961  49    -11       67
  AVERAGE         50                        60    -10       78

PRECIPITATION (IN)
  YESTERDAY        0.00          1.58 2008   0.10  -0.10      T
  MONTH TO DATE    3.27                      2.25   1.02     0.77
  SINCE MAR 1      7.69                      6.23   1.46     4.56
  SINCE JAN 1     14.33                     12.67   1.66     9.17

SNOWFALL (IN)
  YESTERDAY        0.0           0.0  2002  MM     MM
  MONTH TO DATE    0.0                      MM     MM
  SINCE NOV 1      6.8                      MM     MM
  SINCE JUL 1      6.8                      MM     MM
  SNOW DEPTH       0

DEGREE DAYS
 HEATING
  YESTERDAY       15                         6      9        0
  MONTH TO DATE  184                       176      8       76
  SINCE MAR 1    768                       641    127      551
  SINCE JUL 1   3059                      3113    -54     2646

 COOLING
  YESTERDAY        0                         1     -1       13
  MONTH TO DATE   13                        21     -8       59
  SINCE MAR 1     16                        26    -10       66
  SINCE JAN 1     45                        28     17       69
..................................................................


WIND (MPH)
  HIGHEST WIND SPEED    15   HIGHEST WIND DIRECTION     E (110)
  HIGHEST GUST SPEED    22   HIGHEST GUST DIRECTION    SE (130)
  AVERAGE WIND SPEED     6.1


SKY COVER
  POSSIBLE SUNSHINE  MM
  AVERAGE SKY COVER 0.0


WEATHER CONDITIONS
 THE FOLLOWING WEATHER WAS RECORDED YESTERDAY.
  NO SIGNIFICANT WEATHER WAS OBSERVED.


RELATIVE HUMIDITY (PERCENT)
 HIGHEST   100           300 AM
 LOWEST     51          1200 PM
 AVERAGE    76

..........................................................


THE ELIZABETH CITY NC CLIMATE NORMALS FOR TODAY
                         NORMAL    RECORD    YEAR
 MAXIMUM TEMPERATURE (F)   71        95      1985
 MINIMUM TEMPERATURE (F)   50        34      1981


SUNRISE AND SUNSET
APRIL 22 2018.........SUNRISE   622 AM EDT   SUNSET   745 PM EDT
APRIL 23 2018.........SUNRISE   621 AM EDT   SUNSET   746 PM EDT


-  INDICATES NEGATIVE NUMBERS.
R  INDICATES RECORD WAS SET OR TIED.
MM INDICATES DATA IS MISSING.
T  INDICATES TRACE AMOUNT.




$$
