000
CDUS45 KLKN 260930
CLIEKO


CLIMATE REPORT
NATIONAL WEATHER SERVICE ELKO NV
229 AM PDT THU APR 26 2018


...................................

...THE ELKO AIRPORT NV CLIMATE SUMMARY FOR APRIL 25 2018...

CLIMATE NORMAL PERIOD 1981 TO 2010
CLIMATE RECORD PERIOD 1888 TO 2018


WEATHER ITEM   OBSERVED TIME   RECORD YEAR NORMAL DEPARTURE LAST
                VALUE   (LST)  VALUE       VALUE  FROM      YEAR
                                                  NORMAL
..................................................................
TEMPERATURE (F)
 YESTERDAY
  MAXIMUM         75    406 PM  84    1910  62     13       52
  MINIMUM         31    503 AM  14    1899  33     -2       35
  AVERAGE         53                        47      6       44

PRECIPITATION (IN)
  YESTERDAY        0.00          0.70 1888   0.03  -0.03      T
  MONTH TO DATE    0.93                      0.80   0.13     1.16
  SINCE OCT 1      5.60                      6.82  -1.22    12.13
  SINCE JAN 1      3.90                      3.76   0.14     6.50

SNOWFALL (IN)
  YESTERDAY        0.0           1.4  1983   0.1   -0.1      0.0
  MONTH TO DATE    0.5                       2.9   -2.4       T
  SINCE MAR 1     14.3                       8.0    6.3      1.9
  SINCE JUL 1     28.2                      40.5  -12.3     53.3
  SNOW DEPTH       0

DEGREE DAYS
 HEATING
  YESTERDAY       12                        18     -6       21
  MONTH TO DATE  465                       511    -46      481
  SINCE MAR 1   1333                      1320     13     1116
  SINCE JUL 1   5975                      6488   -513     5852

 COOLING
  YESTERDAY        0                         0      0        0
  MONTH TO DATE    0                         0      0        0
  SINCE MAR 1      0                         0      0        0
  SINCE JAN 1      0                         0      0        0
..................................................................


WIND (MPH)
  HIGHEST WIND SPEED    20   HIGHEST WIND DIRECTION     W (260)
  HIGHEST GUST SPEED    25   HIGHEST GUST DIRECTION     W (270)
  AVERAGE WIND SPEED     5.3



WEATHER CONDITIONS
 THE FOLLOWING WEATHER WAS RECORDED YESTERDAY.
  NO SIGNIFICANT WEATHER WAS OBSERVED.


RELATIVE HUMIDITY (PERCENT)
 HIGHEST    69           300 AM
 LOWEST     13           200 PM
 AVERAGE    41

..........................................................


THE ELKO AIRPORT NV CLIMATE NORMALS FOR TODAY
                         NORMAL    RECORD    YEAR
 MAXIMUM TEMPERATURE (F)   63        84      1987
                                             1927
 MINIMUM TEMPERATURE (F)   33        13      1899


SUNRISE AND SUNSET
APRIL 26 2018.........SUNRISE   548 AM PDT   SUNSET   734 PM PDT
APRIL 27 2018.........SUNRISE   547 AM PDT   SUNSET   735 PM PDT


-  INDICATES NEGATIVE NUMBERS.
R  INDICATES RECORD WAS SET OR TIED.
MM INDICATES DATA IS MISSING.
T  INDICATES TRACE AMOUNT.




$$
