000
CDUS44 KSHV 202159
CLIELD


CLIMATE REPORT
NATIONAL WEATHER SERVICE SHREVEPORT, LA
459 PM CDT SUN MAY 20 2018


...................................

...THE EL DORADO CLIMATE SUMMARY FOR MAY 20 2018...
VALID TODAY AS OF 0400 PM LOCAL TIME.

CLIMATE NORMAL PERIOD 1981 TO 2010
CLIMATE RECORD PERIOD 1907 TO 2018


WEATHER ITEM   OBSERVED TIME   RECORD YEAR NORMAL DEPARTURE LAST
                VALUE   (LST)  VALUE       VALUE  FROM      YEAR
                                                  NORMAL
..................................................................
TEMPERATURE (F)
 TODAY
  MAXIMUM         92    130 PM  97    1937  83      9       79
  MINIMUM         68    525 AM  48    2009  61      7       67
                                      2002
  AVERAGE         80                        72      8       73

PRECIPITATION (IN)
  TODAY            0.00          2.15 1955   0.17  -0.17     0.26
  MONTH TO DATE    0.40                      3.28  -2.88     4.73
  SINCE DEC 1     31.99                     26.39   5.60    30.14
  SINCE JAN 1     26.36                     21.21   5.15    23.85

DEGREE DAYS
 HEATING
  TODAY            0                         0      0        0
  MONTH TO DATE    0                        16    -16       12
  SINCE MAR 1    413                       442    -29      266
  SINCE JUL 1   2515                      2670   -155     1718

 COOLING
  TODAY           15                         8      7        8
  MONTH TO DATE  208                       114     94      107
  SINCE MAR 1    256                       207     49      253
  SINCE JAN 1    281                       213     68      280
..................................................................


WIND (MPH)
  HIGHEST WIND SPEED    12   HIGHEST WIND DIRECTION    SE (150)
  HIGHEST GUST SPEED    16   HIGHEST GUST DIRECTION    SW (240)
  AVERAGE WIND SPEED     4.4


SKY COVER
  POSSIBLE SUNSHINE  MM
  AVERAGE SKY COVER 0.1


WEATHER CONDITIONS
 THE FOLLOWING WEATHER WAS RECORDED TODAY.
  FOG


RELATIVE HUMIDITY (PERCENT)
 HIGHEST   100           300 AM
 LOWEST     49           300 PM
 AVERAGE    75

..........................................................


THE EL DORADO CLIMATE NORMALS FOR TOMORROW
                         NORMAL    RECORD    YEAR
 MAXIMUM TEMPERATURE (F)   84        95      1925
 MINIMUM TEMPERATURE (F)   62        44      1981


SUNRISE AND SUNSET
MAY 20 2018...........SUNRISE   608 AM CDT   SUNSET   808 PM CDT
MAY 21 2018...........SUNRISE   608 AM CDT   SUNSET   808 PM CDT


-  INDICATES NEGATIVE NUMBERS.
R  INDICATES RECORD WAS SET OR TIED.
MM INDICATES DATA IS MISSING.
T  INDICATES TRACE AMOUNT.




$$
