000
CDUS43 KIND 190537
CLIEYE


CLIMATE REPORT
NATIONAL WEATHER SERVICE INDIANAPOLIS IN
136 AM EDT THU APR 19 2018


...................................

...THE INDIANAPOLIS EAGLE CREEK IN CLIMATE SUMMARY FOR APRIL 18 2018...

CLIMATE NORMAL PERIOD 1981 TO 2010
CLIMATE RECORD PERIOD 9999 TO 9999


WEATHER ITEM   OBSERVED TIME   NORMAL DEPARTURE LAST
                VALUE   (LST)  VALUE  FROM      YEAR
                                      NORMAL
......................................................
TEMPERATURE (F)
 YESTERDAY
  MAXIMUM         66    408 PM  64      2       78
  MINIMUM         33    225 AM  44    -11       45
  AVERAGE         50            54     -4       62

PRECIPITATION (IN)
  YESTERDAY        0.00          0.12  -0.12     0.00
  MONTH TO DATE    3.58          2.09   1.49     1.41
  SINCE MAR 1      6.98          5.39   1.59     5.86
  SINCE JAN 1     12.99          9.73   3.26    11.02

DEGREE DAYS
 HEATING
  YESTERDAY       15            12      3        3
  MONTH TO DATE  375           255    120      144
  SINCE MAR 1   1172           955    217      792
  SINCE JUL 1   5056          5080    -24     4052

 COOLING
  YESTERDAY        0             1     -1        0
  MONTH TO DATE    7             8     -1       11
  SINCE MAR 1      7             9     -2       13
  SINCE JAN 1     13             9      4       13
......................................................


WIND (MPH)
  HIGHEST WIND SPEED    31   HIGHEST WIND DIRECTION    NW (300)
  HIGHEST GUST SPEED    40   HIGHEST GUST DIRECTION     W (280)
  AVERAGE WIND SPEED    11.9


SKY COVER
  AVERAGE SKY COVER 0.5


WEATHER CONDITIONS
 THE FOLLOWING WEATHER WAS RECORDED YESTERDAY.
  NO SIGNIFICANT WEATHER WAS OBSERVED.


RELATIVE HUMIDITY (PERCENT)
 HIGHEST    76          1100 PM
 LOWEST     48           400 PM
 AVERAGE    62

..........................................................


THE INDIANAPOLIS EAGLE CREEK IN CLIMATE NORMALS FOR TODAY
                         NORMAL
 MAXIMUM TEMPERATURE (F)   64
 MINIMUM TEMPERATURE (F)   45


SUNRISE AND SUNSET
APRIL 19 2018.........SUNRISE   702 AM EDT   SUNSET   828 PM EDT
APRIL 20 2018.........SUNRISE   700 AM EDT   SUNSET   829 PM EDT


-  INDICATES NEGATIVE NUMBERS.
R  INDICATES RECORD WAS SET OR TIED.
MM INDICATES DATA IS MISSING.
T  INDICATES TRACE AMOUNT.




$$
