000
CDUS43 KLMK 190628
CLIFFT


CLIMATE REPORT
NATIONAL WEATHER SERVICE LOUISVILLE KY
228 AM EDT THU APR 19 2018


...................................

...THE FRANKFORT KY CLIMATE SUMMARY FOR APRIL 18 2018...

CLIMATE NORMAL PERIOD 1981 TO 2010
CLIMATE RECORD PERIOD 1895 TO 2018


WEATHER ITEM   OBSERVED TIME   RECORD YEAR NORMAL DEPARTURE LAST
                VALUE   (LST)  VALUE       VALUE  FROM      YEAR
                                                  NORMAL
..................................................................
TEMPERATURE (F)
 YESTERDAY
  MAXIMUM         77    358 PM  90    1914  68      9       75
  MINIMUM         39    643 AM  28    2001  44     -5       61
                                      1980
                                      1936
  AVERAGE         58                        56      2       68

PRECIPITATION (IN)
  YESTERDAY        0.38          1.35 1940   0.12   0.26     0.00
  MONTH TO DATE    2.95                      2.03   0.92     2.10
  SINCE MAR 1      7.68                      6.41   1.27     7.19
  SINCE JAN 1     18.45                     12.96   5.49    13.29

SNOWFALL (IN)
  YESTERDAY       MM            MM      MM  MM     MM       MM
  MONTH TO DATE   MM                        MM     MM       MM
  SINCE MAR 1     MM                        MM     MM       MM
  SINCE JUL 1     MM                        MM     MM       MM
  SNOW DEPTH      MM

DEGREE DAYS
 HEATING
  YESTERDAY        7                        10     -3        0
  MONTH TO DATE  299                       222     77       97
  SINCE MAR 1    977                       847    130      630
  SINCE JUL 1   4355                      4486   -131     3400

 COOLING
  YESTERDAY        0                         1     -1        3
  MONTH TO DATE   13                        10      3       27
  SINCE MAR 1     13                        12      1       33
  SINCE JAN 1     20                        12      8       36
..................................................................


WIND (MPH)
  HIGHEST WIND SPEED    28   HIGHEST WIND DIRECTION    SW (210)
  HIGHEST GUST SPEED    37   HIGHEST GUST DIRECTION    SW (210)
  AVERAGE WIND SPEED    12.5


SKY COVER
  POSSIBLE SUNSHINE  MM
  AVERAGE SKY COVER 0.5


WEATHER CONDITIONS
 THE FOLLOWING WEATHER WAS RECORDED YESTERDAY.
  HEAVY RAIN
  RAIN
  LIGHT RAIN


RELATIVE HUMIDITY (PERCENT)
 HIGHEST    70           700 AM
 LOWEST     43           200 PM
 AVERAGE    57

..........................................................


THE FRANKFORT KY CLIMATE NORMALS FOR TODAY
                         NORMAL    RECORD    YEAR
 MAXIMUM TEMPERATURE (F)   68        92      1914
 MINIMUM TEMPERATURE (F)   45        24      1983


SUNRISE AND SUNSET
APRIL 19 2018.........SUNRISE   658 AM EDT   SUNSET   820 PM EDT
APRIL 20 2018.........SUNRISE   657 AM EDT   SUNSET   821 PM EDT


-  INDICATES NEGATIVE NUMBERS.
R  INDICATES RECORD WAS SET OR TIED.
MM INDICATES DATA IS MISSING.
T  INDICATES TRACE AMOUNT.




$$
