000
CDUS45 KFGZ 260734
CLIFLG


CLIMATE REPORT
NATIONAL WEATHER SERVICE FLAGSTAFF, AZ
1234 AM MST THU APR 26 2018


...................................

...THE FLAGSTAFF AZ AIRPORT CLIMATE SUMMARY FOR APRIL 25 2018...

CLIMATE NORMAL PERIOD 1981 TO 2010
CLIMATE RECORD PERIOD 1898 TO 2018


WEATHER ITEM   OBSERVED TIME   RECORD YEAR NORMAL DEPARTURE LAST
                VALUE   (LST)  VALUE       VALUE  FROM      YEAR
                                                  NORMAL
..................................................................
TEMPERATURE (F)
 YESTERDAY
  MAXIMUM         74    332 PM  78    1996  61     13       58
  MINIMUM         37    249 AM  13    1961  31      6       33
                                      1960
  AVERAGE         56                        46     10

PRECIPITATION (IN)
  YESTERDAY        0.00          0.57 2015   0.03  -0.03     0.00
  MONTH TO DATE    0.06                      1.01  -0.95     0.17
  SINCE SEP 1      5.50                     15.01  -9.51    17.46
  SINCE JAN 1      5.07                      7.34  -2.27     8.85

SNOWFALL (IN)
  YESTERDAY        0.0           4.1  1994   0.2   -0.2      0.0
  MONTH TO DATE    0.0                       6.2   -6.2      1.7
  SINCE JUL 1     37.4                     100.1  -62.7     95.5
  SNOW DEPTH       0

DEGREE DAYS
 HEATING
  YESTERDAY        9                        19    -10       19
  MONTH TO DATE  445                       558   -113      488
  SINCE JUL 1   5421                      6265   -844     5679

 COOLING
  YESTERDAY        0                         0      0        0
  MONTH TO DATE    0                         0      0        0
  SINCE JAN 1      0                         0      0        0
..................................................................


WIND (MPH)
  HIGHEST WIND SPEED    17   HIGHEST WIND DIRECTION     E (80)
  HIGHEST GUST SPEED    23   HIGHEST GUST DIRECTION    NE (50)
  AVERAGE WIND SPEED     7.1


SKY COVER
  POSSIBLE SUNSHINE  MM
  AVERAGE SKY COVER 0.1


WEATHER CONDITIONS
 THE FOLLOWING WEATHER WAS RECORDED YESTERDAY.
  NO SIGNIFICANT WEATHER WAS OBSERVED.


RELATIVE HUMIDITY (PERCENT)
 HIGHEST    44           200 AM
 LOWEST     14           400 PM
 AVERAGE    29

..........................................................


THE FLAGSTAFF AZ AIRPORT CLIMATE NORMALS FOR TODAY
                         NORMAL    RECORD    YEAR
 MAXIMUM TEMPERATURE (F)   62        79      1996
 MINIMUM TEMPERATURE (F)   31        17      1984
                                             1972


SUNRISE AND SUNSET
APRIL 26 2018.........SUNRISE   541 AM MST   SUNSET   708 PM MST
APRIL 27 2018.........SUNRISE   540 AM MST   SUNSET   709 PM MST


-  INDICATES NEGATIVE NUMBERS.
R  INDICATES RECORD WAS SET OR TIED.
MM INDICATES DATA IS MISSING.
T  INDICATES TRACE AMOUNT.




$$
