000
CDUS42 KTBW 220838
CLIFMY


CLIMATE REPORT
NATIONAL WEATHER SERVICE TAMPA BAY FL
436 AM EDT SUN APR 22 2018


...................................

...THE FORT MYERS CLIMATE SUMMARY FOR APRIL 21 2018...

CLIMATE NORMAL PERIOD 1981 TO 2010
CLIMATE RECORD PERIOD 1902 TO 2018


WEATHER ITEM   OBSERVED TIME   RECORD YEAR NORMAL DEPARTURE LAST
                VALUE   (LST)  VALUE       VALUE  FROM      YEAR
                                                  NORMAL
..................................................................
TEMPERATURE (F)
 YESTERDAY
  MAXIMUM         92    333 PM  95    1944  86      6       MM
  MINIMUM         69    619 AM  48    1953  64      5       MM
  AVERAGE         81                        75      6       MM

PRECIPITATION (IN)
  YESTERDAY        0.00          3.78 1949   0.07  -0.07     0.00
  MONTH TO DATE    0.98                      1.56  -0.58     0.04
  SINCE MAR 1      1.49                      4.44  -2.95     0.20
  SINCE JAN 1      3.53                      8.53  -5.00     2.45

DEGREE DAYS
 HEATING
  YESTERDAY        0                         0      0       MM
  MONTH TO DATE    0                         0      0        0
  SINCE MAR 1     22                        24     -2       11
  SINCE JUL 1    208                       284    -76       76

 COOLING
  YESTERDAY       16                        10      6       MM
  MONTH TO DATE  248                       174     74      133
  SINCE MAR 1    394                       350     44      376
  SINCE JAN 1    758                       535    223      718
..................................................................


WIND (MPH)
  RESULTANT WIND SPEED   8   RESULTANT WIND DIRECTION   E (90)
  HIGHEST WIND SPEED    17   HIGHEST WIND DIRECTION     E (110)
  HIGHEST GUST SPEED    22   HIGHEST GUST DIRECTION    SE (120)
  AVERAGE WIND SPEED     8.7


SKY COVER
  POSSIBLE SUNSHINE  MM
  AVERAGE SKY COVER 0.2


WEATHER CONDITIONS
 THE FOLLOWING WEATHER WAS RECORDED YESTERDAY.
  THUNDERSTORM


RELATIVE HUMIDITY (PERCENT)
 HIGHEST    97           600 AM
 LOWEST     34           300 PM

..........................................................


THE FORT MYERS CLIMATE NORMALS FOR TODAY
                         NORMAL    RECORD    YEAR
 MAXIMUM TEMPERATURE (F)   86        94      1944
 MINIMUM TEMPERATURE (F)   64        47      1910


SUNRISE AND SUNSET
APRIL 22 2018.........SUNRISE   657 AM EDT   SUNSET   755 PM EDT
APRIL 23 2018.........SUNRISE   656 AM EDT   SUNSET   756 PM EDT


-  INDICATES NEGATIVE NUMBERS.
R  INDICATES RECORD WAS SET OR TIED.
MM INDICATES DATA IS MISSING.
T  INDICATES TRACE AMOUNT.




$$


&&
------------------------------------------------------------------
******************** SUPPLEMENTAL DATA ***************************

...GULF WATER TEMPERATURE AT FORT MYERS BEACH 78 DEGREES
