000
CDUS43 KFSD 200632
CLIFSD


CLIMATE REPORT
NATIONAL WEATHER SERVICE SIOUX FALLS SD
131 AM CDT SUN MAY 20 2018


...................................

...THE SIOUX FALLS SD CLIMATE SUMMARY FOR MAY 19 2018...

CLIMATE NORMAL PERIOD 1981 TO 2010
CLIMATE RECORD PERIOD 1893 TO 2018


WEATHER ITEM   OBSERVED TIME   RECORD YEAR NORMAL DEPARTURE LAST
                VALUE   (LST)  VALUE       VALUE  FROM      YEAR
                                                  NORMAL
..................................................................
TEMPERATURE (F)
 YESTERDAY
  MAXIMUM         63    537 PM  97    1934  71     -8       53
  MINIMUM         47    503 AM  27    1894  47      0       44
  AVERAGE         55                        59     -4       49

PRECIPITATION (IN)
  YESTERDAY        0.00          0.93 1990   0.11  -0.11     0.05
  MONTH TO DATE    2.04                      2.02   0.02     2.44
  SINCE MAR 1      7.44                      6.79   0.65     5.85
  SINCE JAN 1      8.98                      7.95   1.03     6.96

SNOWFALL (IN)
  YESTERDAY        0.0          MM      MM   0.0    0.0      0.0
  MONTH TO DATE    0.0                       0.4   -0.4      2.2
  SINCE MAR 1     38.8                      13.4   25.4     11.5
  SINCE JUL 1     70.4                      44.9   25.5     42.9
  SNOW DEPTH       0

DEGREE DAYS
 HEATING
  YESTERDAY       10                         7      3       16
  MONTH TO DATE  104                       182    -78      140
  SINCE MAR 1   1894                      1739    155     1524
  SINCE JUL 1   7546                      7589    -43     6330

 COOLING
  YESTERDAY        0                         1     -1        0
  MONTH TO DATE    9                        15     -6       25
  SINCE MAR 1     16                        20     -4       26
  SINCE JAN 1     16                        20     -4       26
..................................................................


WIND (MPH)
  HIGHEST WIND SPEED    24   HIGHEST WIND DIRECTION     N (360)
  HIGHEST GUST SPEED    32   HIGHEST GUST DIRECTION     N (10)
  AVERAGE WIND SPEED    12.7


SKY COVER
  POSSIBLE SUNSHINE  MM
  AVERAGE SKY COVER 0.9


WEATHER CONDITIONS
 THE FOLLOWING WEATHER WAS RECORDED YESTERDAY.
  NO SIGNIFICANT WEATHER WAS OBSERVED.


RELATIVE HUMIDITY (PERCENT)
 HIGHEST    93           200 AM
 LOWEST     67           500 PM
 AVERAGE    80

..........................................................


THE SIOUX FALLS SD CLIMATE NORMALS FOR TODAY
                         NORMAL    RECORD    YEAR
 MAXIMUM TEMPERATURE (F)   71        95      1934
 MINIMUM TEMPERATURE (F)   48        27      1967
                                             1895


SUNRISE AND SUNSET
MAY 20 2018...........SUNRISE   557 AM CDT   SUNSET   850 PM CDT
MAY 21 2018...........SUNRISE   556 AM CDT   SUNSET   851 PM CDT


-  INDICATES NEGATIVE NUMBERS.
R  INDICATES RECORD WAS SET OR TIED.
MM INDICATES DATA IS MISSING.
T  INDICATES TRACE AMOUNT.




$$
