000
CDUS44 KTSA 240817
CLIFSM

CLIMATE REPORT
NATIONAL WEATHER SERVICE TULSA OK
146 AM CDT THU MAY 24 2018


...................................

...THE FORT SMITH ARKANSAS CLIMATE SUMMARY FOR MAY 23 2018...

CLIMATE NORMAL PERIOD 1981 TO 2010
CLIMATE RECORD PERIOD 1882 TO 2018


WEATHER ITEM   OBSERVED TIME   RECORD YEAR NORMAL DEPARTURE LAST
                VALUE   (LST)  VALUE       VALUE  FROM      YEAR
                                                  NORMAL
..................................................................
TEMPERATURE (F)
 YESTERDAY
  MAXIMUM         89   1258 PM  95    2000  82      7       77
  MINIMUM         68   1151 PM  43    1963  61      7       59
  AVERAGE         79                        72      7       68

PRECIPITATION (IN)
  YESTERDAY        0.03          2.40 1946   0.18  -0.15      T
  MONTH TO DATE    1.59                      4.14  -2.55     6.35
  SINCE MAR 1      8.29                     12.29  -4.00    17.16
  SINCE JAN 1     17.55                     17.86  -0.31    21.98

DEGREE DAYS
 COOLING
  YESTERDAY       14                         7      7        3
  MONTH TO DATE  242                       112    130      110
  SINCE MAR 1    260                       177     83      230
  SINCE JAN 1    262                       178     84      246
..................................................................


WIND (MPH)
  HIGHEST WIND SPEED    15   HIGHEST WIND DIRECTION    NE (60)
  HIGHEST GUST SPEED    19   HIGHEST GUST DIRECTION    NE (60)
  AVERAGE WIND SPEED     5.2


SKY COVER
  POSSIBLE SUNSHINE  MM
  AVERAGE SKY COVER 0.1


WEATHER CONDITIONS
 THE FOLLOWING WEATHER WAS RECORDED YESTERDAY.
  THUNDERSTORM
  LIGHT RAIN


RELATIVE HUMIDITY (PERCENT)
 HIGHEST   100           300 AM
 LOWEST     55           100 PM
 AVERAGE    78

..........................................................


THE FORT SMITH ARKANSAS CLIMATE NORMALS FOR TODAY
                         NORMAL    RECORD    YEAR
 MAXIMUM TEMPERATURE (F)   82        95      1962
 MINIMUM TEMPERATURE (F)   62        45      1983


SUNRISE AND SUNSET
MAY 24 2018...........SUNRISE   607 AM CDT   SUNSET   822 PM CDT
MAY 25 2018...........SUNRISE   607 AM CDT   SUNSET   822 PM CDT


-  INDICATES NEGATIVE NUMBERS.
R  INDICATES RECORD WAS SET OR TIED.
MM INDICATES DATA IS MISSING.
T  INDICATES TRACE AMOUNT.




$$

&&
...........................................................

THE ARKANSAS RIVER AT VAN BUREN

                   OBSERVED      24 HOUR     24 HOUR
                    VALUE        CHANGE      FORECAST

 STAGE (FEET)
  THIS MORNING       18.9         -0.2

 MEAN FLOW (CFS)
  TODAY                                        2350
...........................................................
ALL DATA MEASURED AT THE FORT SMITH REGIONAL AIRPORT
