000
CDUS46 KSGX 240022
CLIFUL


CLIMATE REPORT
NATIONAL WEATHER SERVICE SAN DIEGO, CA
522 PM PDT MON APR 23 2018


...................................

...THE FULLERTON AIRPORT CA CLIMATE SUMMARY FOR APRIL 23 2018...
VALID TODAY AS OF 0500 PM LOCAL TIME.

CLIMATE NORMAL PERIOD 1981 TO 2010
CLIMATE RECORD PERIOD 1998 TO 2018


WEATHER ITEM   OBSERVED TIME   RECORD YEAR NORMAL DEPARTURE LAST
                VALUE   (LST)  VALUE       VALUE  FROM      YEAR
                                                  NORMAL
..................................................................
TEMPERATURE (F)
 TODAY
  MAXIMUM         77   1234 PM  88    2004  74      3       80
  MINIMUM         58    624 AM  44    2010  54      4       61
  AVERAGE         68                        64      4       71

PRECIPITATION (IN)
  TODAY            0.00          0.02 2012   0.04  -0.04     0.00
  MONTH TO DATE    0.02                      0.68  -0.66     0.03
  SINCE OCT 1      3.07                     13.02  -9.95    16.37
  SINCE JAN 1      2.99                      9.12  -6.13    10.46

DEGREE DAYS
 HEATING
  TODAY            0                         3     -3        0
  MONTH TO DATE   28                        86    -58       15
  SINCE MAR 1    160                       256    -96       72
  SINCE JUL 1    610                      1178   -568      769

 COOLING
  TODAY            3                         1      2        6
  MONTH TO DATE   51                        20     31       56
  SINCE MAR 1     54                        33     21       94
  SINCE JAN 1     91                        42     49       97
..................................................................


WIND (MPH)
  RESULTANT WIND SPEED   2   RESULTANT WIND DIRECTION   S (180)
  HIGHEST WIND SPEED    10   HIGHEST WIND DIRECTION     S (190)
  HIGHEST GUST SPEED    14   HIGHEST GUST DIRECTION    SW (220)
  AVERAGE WIND SPEED     2.9


SKY COVER
  POSSIBLE SUNSHINE  MM
  AVERAGE SKY COVER 0.5


WEATHER CONDITIONS
 THE FOLLOWING WEATHER WAS RECORDED TODAY.
  FOG
  HAZE


RELATIVE HUMIDITY (PERCENT)
 HIGHEST   100           300 AM
 LOWEST     46           200 PM
 AVERAGE    73

..........................................................


THE FULLERTON AIRPORT CA CLIMATE NORMALS FOR TOMORROW
                         NORMAL    RECORD    YEAR
 MAXIMUM TEMPERATURE (F)   74        94      2001
 MINIMUM TEMPERATURE (F)   54        49      2006


SUNRISE AND SUNSET
APRIL 23 2018.........SUNRISE   611 AM PDT   SUNSET   729 PM PDT
APRIL 24 2018.........SUNRISE   610 AM PDT   SUNSET   730 PM PDT


-  INDICATES NEGATIVE NUMBERS.
R  INDICATES RECORD WAS SET OR TIED.
MM INDICATES DATA IS MISSING.
T  INDICATES TRACE AMOUNT.




$$
