821
CDUS41 KCAR 210546
CLIFVE


CLIMATE REPORT
NATIONAL WEATHER SERVICE CARIBOU, ME
146 AM EDT SAT APR 21 2018


...................................

...THE FRENCHVILLE ME CLIMATE SUMMARY FOR APRIL 20 2018...

CLIMATE NORMAL PERIOD 1981 TO 2010
CLIMATE RECORD PERIOD 9999 TO 9999


WEATHER ITEM   OBSERVED TIME   RECORD YEAR NORMAL DEPARTURE LAST
                VALUE   (LST)  VALUE       VALUE  FROM      YEAR
                                                  NORMAL
..................................................................
TEMPERATURE (F)
 YESTERDAY
  MAXIMUM         44    345 PM              48     -4
  MINIMUM         34    712 AM              31      3
  AVERAGE         39                        39      0

PRECIPITATION (IN)
  YESTERDAY        0.03         MM      MM   0.10  -0.07     0.03
  MONTH TO DATE    1.56                      1.88  -0.32     1.67
  SINCE MAR 1      2.51                      3.36  -0.85     3.24
  SINCE JAN 1      4.89                      5.93  -1.04     5.86

SNOWFALL (IN)
  YESTERDAY       MM            MM      MM  MM     MM       MM
  MONTH TO DATE   MM                        MM     MM       MM
  SINCE MAR 1     MM                        MM     MM       MM
  SINCE JUL 1     MM                        MM     MM       MM
  SNOW DEPTH      MM

DEGREE DAYS
 HEATING
  YESTERDAY       26                                0
  MONTH TO DATE  701                               90
  SINCE JUL 1   8665                             -237

 COOLING
  YESTERDAY        0                                0
  MONTH TO DATE    0                                0
  SINCE JAN 1      0                                0
..................................................................


WIND (MPH)
  HIGHEST WIND SPEED    25   HIGHEST WIND DIRECTION     N (340)
  HIGHEST GUST SPEED    31   HIGHEST GUST DIRECTION    NW (330)
  AVERAGE WIND SPEED    11.1




..........................................................


THE FRENCHVILLE ME CLIMATE NORMALS FOR TODAY
                         NORMAL
 MAXIMUM TEMPERATURE (F)   48
 MINIMUM TEMPERATURE (F)   32


SUNRISE AND SUNSET
APRIL 21 2018.........SUNRISE   534 AM EDT   SUNSET   731 PM EDT
APRIL 22 2018.........SUNRISE   532 AM EDT   SUNSET   732 PM EDT


-  INDICATES NEGATIVE NUMBERS.
R  INDICATES RECORD WAS SET OR TIED.
MM INDICATES DATA IS MISSING.
T  INDICATES TRACE AMOUNT.




$$
