000
CDUS43 KIWX 240524
CLIFWA


CLIMATE REPORT
NATIONAL WEATHER SERVICE NORTHERN INDIANA
123 AM EDT TUE APR 24 2018


...................................

...THE FORT WAYNE CLIMATE SUMMARY FOR APRIL 23 2018...

CLIMATE NORMAL PERIOD 1981 TO 2010
CLIMATE RECORD PERIOD 1897 TO 2018


WEATHER ITEM   OBSERVED TIME   RECORD YEAR NORMAL DEPARTURE LAST
                VALUE   (LST)  VALUE       VALUE  FROM      YEAR
                                                  NORMAL
..................................................................
TEMPERATURE (F)
 YESTERDAY
  MAXIMUM         71   1258 PM  86    1925  64      7       68
  MINIMUM         39    615 AM  24    1986  42     -3       36
  AVERAGE         55                        53      2       52

PRECIPITATION (IN)
  YESTERDAY        0.03          1.56 1952   0.12  -0.09     0.00
  MONTH TO DATE    2.15                      2.76  -0.61     2.47
  SINCE MAR 1      4.99                      5.47  -0.48     6.28
  SINCE JAN 1     10.61                      9.77   0.84    12.75

SNOWFALL (IN)
  YESTERDAY        0.0           0.6  1967   0.1   -0.1      0.0
  MONTH TO DATE    2.4                       1.0    1.4      0.4
  SINCE MAR 1      4.5                       5.1   -0.6      3.4
  SINCE JUL 1     32.7                      33.5   -0.8     18.5
  SNOW DEPTH       0

DEGREE DAYS
 HEATING
  YESTERDAY       10                        13     -3       13
  MONTH TO DATE  527                       380    147      254
  SINCE MAR 1   1409                      1206    203     1038
  SINCE JUL 1   5737                      5804    -67     4732

 COOLING
  YESTERDAY        0                         0      0        0
  MONTH TO DATE    1                         0      1       13
  SINCE MAR 1      1                         0      1       13
  SINCE JAN 1      1                         0      1       13
..................................................................


WIND (MPH)
  HIGHEST WIND SPEED    23   HIGHEST WIND DIRECTION     S (190)
  HIGHEST GUST SPEED    29   HIGHEST GUST DIRECTION    SE (120)
  AVERAGE WIND SPEED    11.8


SKY COVER
  AVERAGE SKY COVER 0.8


WEATHER CONDITIONS
 THE FOLLOWING WEATHER WAS RECORDED YESTERDAY.
  LIGHT RAIN
  FOG


RELATIVE HUMIDITY (PERCENT)
 HIGHEST    96          1000 PM
 LOWEST     44          1100 AM
 AVERAGE    70

..........................................................


THE FORT WAYNE CLIMATE NORMALS FOR TODAY
                         NORMAL    RECORD    YEAR
 MAXIMUM TEMPERATURE (F)   65        88      1925
 MINIMUM TEMPERATURE (F)   42        27      1930


SUNRISE AND SUNSET
APRIL 24 2018.........SUNRISE   648 AM EDT   SUNSET   830 PM EDT
APRIL 25 2018.........SUNRISE   647 AM EDT   SUNSET   831 PM EDT


-  INDICATES NEGATIVE NUMBERS.
R  INDICATES RECORD WAS SET OR TIED.
MM INDICATES DATA IS MISSING.
T  INDICATES TRACE AMOUNT.




$$
