000
CDUS41 KPHI 230552
CLIGED


CLIMATE REPORT
NATIONAL WEATHER SERVICE MOUNT HOLLY NJ
151 AM EDT MON APR 23 2018


...................................

...THE GEORGETOWN DE CLIMATE SUMMARY FOR APRIL 22 2018...

CLIMATE NORMAL PERIOD 1981 TO 2010
CLIMATE RECORD PERIOD 1948 TO 2018


WEATHER ITEM   OBSERVED TIME   RECORD YEAR NORMAL DEPARTURE LAST
                VALUE   (LST)  VALUE       VALUE  FROM      YEAR
                                                  NORMAL
..................................................................
TEMPERATURE (F)
 YESTERDAY
  MAXIMUM         63    213 PM  89    1976  67     -4       57
  MINIMUM         43    350 AM  28    1975  45     -2       53
  AVERAGE         53                        56     -3       55

PRECIPITATION (IN)
  YESTERDAY        0.00          1.67 2012   0.12  -0.12     0.28
  MONTH TO DATE    2.59                      2.82  -0.23     0.91
  SINCE MAR 1      5.64                      6.87  -1.23     5.28
  SINCE JAN 1     12.46                     12.58  -0.12     9.52

DEGREE DAYS
 HEATING
  YESTERDAY       12                        10      2       10
  MONTH TO DATE  313                       279     34      136
  SINCE MAR 1   1020                       911    109      752
  SINCE JUL 1   3978                      4191   -213     3437

 COOLING
  YESTERDAY        0                         1     -1        0
  MONTH TO DATE   14                        12      2       28
  SINCE MAR 1     14                        14      0       31
  SINCE JAN 1     21                        14      7       31
..................................................................


WIND (MPH)
  HIGHEST WIND SPEED    15   HIGHEST WIND DIRECTION     S (160)
  HIGHEST GUST SPEED    19   HIGHEST GUST DIRECTION     E (100)
  AVERAGE WIND SPEED     4.6


SKY COVER
  POSSIBLE SUNSHINE  MM
  AVERAGE SKY COVER 0.2


WEATHER CONDITIONS
 THE FOLLOWING WEATHER WAS RECORDED YESTERDAY.
  NO SIGNIFICANT WEATHER WAS OBSERVED.


RELATIVE HUMIDITY (PERCENT)
 HIGHEST    86           500 AM
 LOWEST     27          1200 PM
 AVERAGE    57

..........................................................


THE GEORGETOWN DE CLIMATE NORMALS FOR TODAY
                         NORMAL    RECORD    YEAR
 MAXIMUM TEMPERATURE (F)   67        92      1985
 MINIMUM TEMPERATURE (F)   46        31      1989


SUNRISE AND SUNSET
APRIL 23 2018.........SUNRISE   614 AM EDT   SUNSET   746 PM EDT
APRIL 24 2018.........SUNRISE   613 AM EDT   SUNSET   747 PM EDT


-  INDICATES NEGATIVE NUMBERS.
R  INDICATES RECORD WAS SET OR TIED.
MM INDICATES DATA IS MISSING.
T  INDICATES TRACE AMOUNT.




$$
