000
CDUS43 KFGF 220635
CLIGFK


CLIMATE REPORT
NATIONAL WEATHER SERVICE EASTERN NORTH DAKOTA/GRAND FORKS
134 AM CDT SUN APR 22 2018


...................................

...THE GRAND FORKS INTL AP ND CLIMATE SUMMARY FOR APRIL 21 2018...

CLIMATE NORMAL PERIOD 1981 TO 2010
CLIMATE RECORD PERIOD 1948 TO 2018


WEATHER ITEM   OBSERVED TIME   RECORD YEAR NORMAL DEPARTURE LAST
                VALUE   (LST)  VALUE       VALUE  FROM      YEAR
                                                  NORMAL
..................................................................
TEMPERATURE (F)
 YESTERDAY
  MAXIMUM         58    554 PM 100    1980  58      0       66
  MINIMUM         33    515 AM  21    1988  32      1       34
  AVERAGE         46                        45      1       50

PRECIPITATION (IN)
  YESTERDAY        0.00          1.16 1974   0.03  -0.03     0.00
  MONTH TO DATE    0.15                      0.61  -0.46     0.66
  SINCE MAR 1      2.00                      1.57   0.43     1.51
  SINCE JAN 1      2.93                      2.64   0.29     2.36

SNOWFALL (IN)
  YESTERDAY        0.0           2.9  1992   0.0    0.0      0.0
  MONTH TO DATE    3.0                       2.1    0.9      0.0
  SINCE MAR 1     16.9                       9.3    7.6      0.2
  SINCE JUL 1     52.4                      46.5    5.9     38.5
  SNOW DEPTH       0

DEGREE DAYS
 HEATING
  YESTERDAY       19                        20     -1       15
  MONTH TO DATE  799                       534    265      396
  SINCE MAR 1   2051                      1769    282     1551
  SINCE JUL 1   9041                      8919    122     7520

 COOLING
  YESTERDAY        0                         0      0        0
  MONTH TO DATE    0                         0      0        0
  SINCE MAR 1      0                         0      0        0
  SINCE JAN 1      0                         0      0        0
..................................................................


WIND (MPH)
  HIGHEST WIND SPEED    18   HIGHEST WIND DIRECTION     S (200)
  HIGHEST GUST SPEED    23   HIGHEST GUST DIRECTION     S (180)
  AVERAGE WIND SPEED    10.9


SKY COVER
  POSSIBLE SUNSHINE  MM
  AVERAGE SKY COVER 0.4


WEATHER CONDITIONS
 THE FOLLOWING WEATHER WAS RECORDED YESTERDAY.
  FOG


RELATIVE HUMIDITY (PERCENT)
 HIGHEST   100          1200 AM
 LOWEST     57           300 PM
 AVERAGE    79

..........................................................


THE GRAND FORKS INTL AP ND CLIMATE NORMALS FOR TODAY
                         NORMAL    RECORD    YEAR
 MAXIMUM TEMPERATURE (F)   58        88      1990
 MINIMUM TEMPERATURE (F)   33        22      2015


SUNRISE AND SUNSET
APRIL 22 2018.........SUNRISE   626 AM CDT   SUNSET   829 PM CDT
APRIL 23 2018.........SUNRISE   624 AM CDT   SUNSET   831 PM CDT


-  INDICATES NEGATIVE NUMBERS.
R  INDICATES RECORD WAS SET OR TIED.
MM INDICATES DATA IS MISSING.
T  INDICATES TRACE AMOUNT.




$$
